CRAN Package Check Results for Package cmsaf

Last updated on 2021-05-14 23:50:42 CEST.

Flavor Version Tinstall Tcheck Ttotal Status Flags
r-devel-linux-x86_64-debian-clang 3.1.0 2.62 24.64 27.26 NOTE
r-devel-linux-x86_64-debian-gcc 3.1.0 2.06 20.18 22.24 NOTE
r-devel-linux-x86_64-fedora-clang 3.1.0 41.86 NOTE
r-devel-linux-x86_64-fedora-gcc 3.1.0 31.75 NOTE
r-devel-windows-ix86+x86_64 3.1.0 8.00 30.00 38.00 NOTE
r-devel-windows-x86_64-gcc10-UCRT 3.1.0 NOTE
r-patched-linux-x86_64 3.1.0 2.43 24.48 26.91 NOTE
r-patched-solaris-x86 3.1.0 51.50 NOTE
r-release-linux-x86_64 3.1.0 2.42 24.26 26.68 OK
r-release-macos-x86_64 3.1.0 NOTE
r-release-windows-ix86+x86_64 3.1.0 6.00 35.00 41.00 OK
r-oldrel-macos-x86_64 3.1.0 NOTE
r-oldrel-windows-ix86+x86_64 3.1.0 4.00 57.00 61.00 OK

Check Details

Version: 3.1.0
Check: LazyData
Result: NOTE
     'LazyData' is specified without a 'data' directory
Flavors: r-devel-linux-x86_64-debian-clang, r-devel-linux-x86_64-debian-gcc, r-devel-linux-x86_64-fedora-clang, r-devel-linux-x86_64-fedora-gcc, r-devel-windows-ix86+x86_64, r-devel-windows-x86_64-gcc10-UCRT, r-patched-linux-x86_64, r-patched-solaris-x86

Version: 3.1.0
Check: dependencies in R code
Result: NOTE
    Namespaces in Imports field not imported from:
     ‘FNN’ ‘R.utils’ ‘SearchTrees’ ‘colorspace’ ‘colourpicker’
     ‘data.table’ ‘fields’ ‘mapproj’ ‘maps’ ‘maptools’ ‘ncdf4’ ‘raster’
     ‘rworldxtra’ ‘shinyFiles’ ‘shinyjs’ ‘shinythemes’ ‘sp’ ‘tcltk’
     All declared Imports should be used.
Flavors: r-devel-linux-x86_64-fedora-clang, r-devel-linux-x86_64-fedora-gcc, r-devel-windows-x86_64-gcc10-UCRT, r-patched-solaris-x86, r-release-macos-x86_64, r-oldrel-macos-x86_64