CRAN Package Check Results for Package cmsafops

Last updated on 2021-05-16 22:49:46 CEST.

Flavor Version Tinstall Tcheck Ttotal Status Flags
r-devel-linux-x86_64-debian-clang 1.1.1 15.43 263.31 278.74 NOTE
r-devel-linux-x86_64-debian-gcc 1.1.1 15.02 198.42 213.44 NOTE
r-devel-linux-x86_64-fedora-clang 1.1.1 329.20 NOTE
r-devel-linux-x86_64-fedora-gcc 1.1.1 318.02 NOTE
r-devel-windows-ix86+x86_64 1.1.1 27.00 230.00 257.00 NOTE
r-devel-windows-x86_64-gcc10-UCRT 1.1.1 NOTE
r-patched-linux-x86_64 1.1.1 20.33 255.93 276.26 NOTE
r-patched-solaris-x86 1.1.1 409.10 NOTE
r-release-linux-x86_64 1.1.1 14.37 246.68 261.05 OK
r-release-macos-x86_64 1.1.1 OK
r-release-windows-ix86+x86_64 1.1.1 17.00 223.00 240.00 OK
r-oldrel-macos-x86_64 1.1.1 OK
r-oldrel-windows-ix86+x86_64 1.1.1 15.00 327.00 342.00 OK

Check Details

Version: 1.1.1
Check: LazyData
Result: NOTE
     'LazyData' is specified without a 'data' directory
Flavors: r-devel-linux-x86_64-debian-clang, r-devel-linux-x86_64-debian-gcc, r-devel-linux-x86_64-fedora-clang, r-devel-linux-x86_64-fedora-gcc, r-devel-windows-ix86+x86_64, r-devel-windows-x86_64-gcc10-UCRT, r-patched-linux-x86_64, r-patched-solaris-x86