CRAN Package Check Results for Package coalescentMCMC

Last updated on 2019-11-18 22:47:07 CET.

Flavor Version Tinstall Tcheck Ttotal Status Flags
r-devel-linux-x86_64-debian-clang 0.4-1 8.14 79.41 87.55 NOTE
r-devel-linux-x86_64-debian-gcc 0.4-1 7.27 63.96 71.23 NOTE
r-devel-linux-x86_64-fedora-clang 0.4-1 103.72 NOTE
r-devel-linux-x86_64-fedora-gcc 0.4-1 106.32 NOTE
r-devel-windows-ix86+x86_64 0.4-1 26.00 146.00 172.00 NOTE
r-patched-linux-x86_64 0.4-1 8.25 76.24 84.49 NOTE
r-patched-solaris-x86 0.4-1 156.20 NOTE
r-release-linux-x86_64 0.4-1 8.08 74.16 82.24 NOTE
r-release-windows-ix86+x86_64 0.4-1 17.00 168.00 185.00 NOTE
r-release-osx-x86_64 0.4-1 NOTE
r-oldrel-windows-ix86+x86_64 0.4-1 11.00 178.00 189.00 NOTE
r-oldrel-osx-x86_64 0.4-1 NOTE

Check Details

Version: 0.4-1
Check: R code for possible problems
Result: NOTE
    coalescentMCMC: no visible global function definition for
     'packageVersion'
    coalescentMCMC : getparams: no visible global function definition for
     'nlminb'
    sim.coalescent: no visible global function definition for 'plot'
    sim.coalescent: no visible global function definition for 'segments'
    sim.coalescent: no visible global function definition for 'points'
    Undefined global functions or variables:
     nlminb packageVersion plot points segments
    Consider adding
     importFrom("graphics", "plot", "points", "segments")
     importFrom("stats", "nlminb")
     importFrom("utils", "packageVersion")
    to your NAMESPACE file.
Flavors: r-devel-linux-x86_64-debian-clang, r-devel-linux-x86_64-debian-gcc, r-devel-linux-x86_64-fedora-clang, r-devel-linux-x86_64-fedora-gcc, r-devel-windows-ix86+x86_64, r-patched-linux-x86_64, r-patched-solaris-x86, r-release-linux-x86_64, r-release-windows-ix86+x86_64, r-release-osx-x86_64, r-oldrel-windows-ix86+x86_64, r-oldrel-osx-x86_64