CRAN Package Check Results for Package coalitions

Last updated on 2021-12-08 22:57:32 CET.

Flavor Version Tinstall Tcheck Ttotal Status Flags
r-devel-linux-x86_64-debian-clang 0.6.20 8.93 93.74 102.67 OK
r-devel-linux-x86_64-debian-gcc 0.6.20 6.53 70.00 76.53 OK
r-devel-linux-x86_64-fedora-clang 0.6.20 120.86 OK
r-devel-linux-x86_64-fedora-gcc 0.6.20 109.26 OK
r-devel-windows-x86_64-new-UL 0.6.20 19.00 129.00 148.00 ERROR
r-devel-windows-x86_64-new-TK 0.6.20 ERROR
r-devel-windows-x86_64-old 0.6.20 14.00 118.00 132.00 ERROR
r-patched-linux-x86_64 0.6.20 8.86 88.22 97.08 OK
r-release-linux-x86_64 0.6.20 8.20 88.76 96.96 OK
r-release-macos-arm64 0.6.20 OK
r-release-macos-x86_64 0.6.20 OK
r-release-windows-ix86+x86_64 0.6.20 13.00 96.00 109.00 ERROR
r-oldrel-macos-x86_64 0.6.20 OK
r-oldrel-windows-ix86+x86_64 0.6.20 19.00 111.00 130.00 ERROR

Check Details

Version: 0.6.20
Check: tests
Result: ERROR
     Running 'testthat.R' [14s]
    Running the tests in 'tests/testthat.R' failed.
    Complete output:
     > library(testthat)
     > library(checkmate)
     > library(coalitions)
     >
     > test_check("coalitions")
     ══ Failed tests ════════════════════════════════════════════════════════════════
     ── Error (test-scrapers.R:116:3): Austria scrapper works ───────────────────────
     <SSL_CACERT/GenericCurlError/error/condition>
     Error in `function (type, msg, asError = TRUE)
     {
     if (!is.character(type)) {
     i = match(type, CURLcodeValues)
     typeName = if (is.na(i))
     character()
     else names(CURLcodeValues)[i]
     }
     typeName = gsub("^CURLE_", "", typeName)
     fun = (if (asError)
     stop
     else warning)
     fun(structure(list(message = msg, call = sys.call()), class = c(typeName,
     "GenericCurlError", "error", "condition")))
     }(60L, "SSL certificate problem: certificate has expired", TRUE)`: SSL certificate problem: certificate has expired
     Backtrace:
     █
     1. ├─scrape_austria() %>% unnest("surveys") %>% filter(date == as.Date("2019-07-06")) test-scrapers.R:116:2
     2. ├─dplyr::filter(., date == as.Date("2019-07-06"))
     3. ├─tidyr::unnest(., "surveys")
     4. ├─coalitions::scrape_austria()
     5. │ └─RCurl::getURL(address)
     6. │ └─RCurl::curlPerform(curl = curl, .opts = opts, .encoding = .encoding)
     7. └─(function (type, msg, asError = TRUE) ...
    
     [ FAIL 1 | WARN 3 | SKIP 0 | PASS 81 ]
     Error: Test failures
     Execution halted
Flavor: r-devel-windows-x86_64-new-UL

Version: 0.6.20
Check: tests
Result: ERROR
     Running 'testthat.R'
    Running the tests in 'tests/testthat.R' failed.
    Complete output:
     > library(testthat)
     > library(checkmate)
     > library(coalitions)
     >
     > test_check("coalitions")
     ══ Failed tests ════════════════════════════════════════════════════════════════
     ── Error (test-scrapers.R:116:3): Austria scrapper works ───────────────────────
     <SSL_CACERT/GenericCurlError/error/condition>
     Error in `function (type, msg, asError = TRUE)
     {
     if (!is.character(type)) {
     i = match(type, CURLcodeValues)
     typeName = if (is.na(i))
     character()
     else names(CURLcodeValues)[i]
     }
     typeName = gsub("^CURLE_", "", typeName)
     fun = (if (asError)
     stop
     else warning)
     fun(structure(list(message = msg, call = sys.call()), class = c(typeName,
     "GenericCurlError", "error", "condition")))
     }(60L, "schannel: CertGetCertificateChain trust error CERT_TRUST_IS_NOT_TIME_VALID",
     TRUE)`: schannel: CertGetCertificateChain trust error CERT_TRUST_IS_NOT_TIME_VALID
     Backtrace:
     █
     1. ├─scrape_austria() %>% unnest("surveys") %>% filter(date == as.Date("2019-07-06")) test-scrapers.R:116:2
     2. ├─dplyr::filter(., date == as.Date("2019-07-06"))
     3. ├─tidyr::unnest(., "surveys")
     4. ├─coalitions::scrape_austria()
     5. │ └─RCurl::getURL(address)
     6. │ └─RCurl::curlPerform(curl = curl, .opts = opts, .encoding = .encoding)
     7. └─(function (type, msg, asError = TRUE) ...
    
     [ FAIL 1 | WARN 3 | SKIP 0 | PASS 81 ]
     Error: Test failures
     Execution halted
Flavor: r-devel-windows-x86_64-new-TK

Version: 0.6.20
Check: tests
Result: ERROR
     Running 'testthat.R' [15s]
    Running the tests in 'tests/testthat.R' failed.
    Complete output:
     > library(testthat)
     > library(checkmate)
     > library(coalitions)
     >
     > test_check("coalitions")
     == Failed tests ================================================================
     -- Error (test-scrapers.R:116:3): Austria scrapper works -----------------------
     <SSL_CACERT/GenericCurlError/error/condition>
     Error in `function (type, msg, asError = TRUE)
     {
     if (!is.character(type)) {
     i = match(type, CURLcodeValues)
     typeName = if (is.na(i))
     character()
     else names(CURLcodeValues)[i]
     }
     typeName = gsub("^CURLE_", "", typeName)
     fun = (if (asError)
     stop
     else warning)
     fun(structure(list(message = msg, call = sys.call()), class = c(typeName,
     "GenericCurlError", "error", "condition")))
     }(60L, "SSL certificate problem: certificate has expired", TRUE)`: SSL certificate problem: certificate has expired
     Backtrace:
     x
     1. +-scrape_austria() %>% unnest("surveys") %>% filter(date == as.Date("2019-07-06")) test-scrapers.R:116:2
     2. +-dplyr::filter(., date == as.Date("2019-07-06"))
     3. +-tidyr::unnest(., "surveys")
     4. +-coalitions::scrape_austria()
     5. | \-RCurl::getURL(address)
     6. | \-RCurl::curlPerform(curl = curl, .opts = opts, .encoding = .encoding)
     7. \-(function (type, msg, asError = TRUE) ...
    
     [ FAIL 1 | WARN 3 | SKIP 0 | PASS 81 ]
     Error: Test failures
     Execution halted
Flavor: r-devel-windows-x86_64-old

Version: 0.6.20
Check: tests
Result: ERROR
     Running 'testthat.R' [13s]
    Running the tests in 'tests/testthat.R' failed.
    Complete output:
     > library(testthat)
     > library(checkmate)
     > library(coalitions)
     >
     > test_check("coalitions")
     == Failed tests ================================================================
     -- Error (test-scrapers.R:116:3): Austria scrapper works -----------------------
     <SSL_CACERT/GenericCurlError/error/condition>
     Error in `function (type, msg, asError = TRUE)
     {
     if (!is.character(type)) {
     i = match(type, CURLcodeValues)
     typeName = if (is.na(i))
     character()
     else names(CURLcodeValues)[i]
     }
     typeName = gsub("^CURLE_", "", typeName)
     fun = (if (asError)
     stop
     else warning)
     fun(structure(list(message = msg, call = sys.call()), class = c(typeName,
     "GenericCurlError", "error", "condition")))
     }(60L, "SSL certificate problem: certificate has expired", TRUE)`: SSL certificate problem: certificate has expired
     Backtrace:
     x
     1. +-scrape_austria() %>% unnest("surveys") %>% filter(date == as.Date("2019-07-06")) test-scrapers.R:116:2
     2. +-dplyr::filter(., date == as.Date("2019-07-06"))
     3. +-tidyr::unnest(., "surveys")
     4. +-coalitions::scrape_austria()
     5. | \-RCurl::getURL(address)
     6. | \-RCurl::curlPerform(curl = curl, .opts = opts, .encoding = .encoding)
     7. \-(function (type, msg, asError = TRUE) ...
    
     [ FAIL 1 | WARN 3 | SKIP 0 | PASS 81 ]
     Error: Test failures
     Execution halted
Flavor: r-release-windows-ix86+x86_64

Version: 0.6.20
Check: tests
Result: ERROR
     Running 'testthat.R' [16s]
    Running the tests in 'tests/testthat.R' failed.
    Complete output:
     > library(testthat)
     > library(checkmate)
     > library(coalitions)
     >
     > test_check("coalitions")
     == Failed tests ================================================================
     -- Error (test-scrapers.R:116:3): Austria scrapper works -----------------------
     <SSL_CACERT/GenericCurlError/error/condition>
     Error in `function (type, msg, asError = TRUE)
     {
     if (!is.character(type)) {
     i = match(type, CURLcodeValues)
     typeName = if (is.na(i))
     character()
     else names(CURLcodeValues)[i]
     }
     typeName = gsub("^CURLE_", "", typeName)
     fun = (if (asError)
     stop
     else warning)
     fun(structure(list(message = msg, call = sys.call()), class = c(typeName,
     "GenericCurlError", "error", "condition")))
     }(60L, "SSL certificate problem: certificate has expired", TRUE)`: SSL certificate problem: certificate has expired
     Backtrace:
     x
     1. +-scrape_austria() %>% unnest("surveys") %>% filter(date == as.Date("2019-07-06")) test-scrapers.R:116:2
     2. +-dplyr::filter(., date == as.Date("2019-07-06"))
     3. +-tidyr::unnest(., "surveys")
     4. +-coalitions::scrape_austria()
     5. | \-RCurl::getURL(address)
     6. | \-RCurl::curlPerform(curl = curl, .opts = opts, .encoding = .encoding)
     7. \-(function (type, msg, asError = TRUE) ...
    
     [ FAIL 1 | WARN 3 | SKIP 0 | PASS 81 ]
     Error: Test failures
     Execution halted
Flavor: r-oldrel-windows-ix86+x86_64