Last updated on 2024-03-28 23:01:41 CET.
Flavor | Version | Tinstall | Tcheck | Ttotal | Status | Flags |
---|---|---|---|---|---|---|
r-devel-linux-x86_64-debian-clang | 0.2.3 | 8.46 | 134.61 | 143.07 | OK | |
r-devel-linux-x86_64-debian-gcc | 0.2.3 | 7.08 | 97.70 | 104.78 | OK | |
r-devel-linux-x86_64-fedora-clang | 0.2.3 | 187.07 | NOTE | |||
r-devel-linux-x86_64-fedora-gcc | 0.2.3 | 183.47 | NOTE | |||
r-devel-windows-x86_64 | 0.2.3 | 9.00 | 103.00 | 112.00 | OK | |
r-patched-linux-x86_64 | 0.2.3 | 5.87 | 131.27 | 137.14 | OK | |
r-release-linux-x86_64 | 0.2.3 | 0.68 | 1.77 | 2.45 | ERROR | |
r-release-macos-arm64 | 0.2.3 | 47.00 | OK | |||
r-release-macos-x86_64 | 0.2.3 | 129.00 | OK | |||
r-release-windows-x86_64 | 0.2.3 | 13.00 | 130.00 | 143.00 | OK | |
r-oldrel-macos-arm64 | 0.2.3 | 51.00 | OK | |||
r-oldrel-windows-x86_64 | 0.2.3 | 15.00 | 143.00 | 158.00 | OK |
Version: 0.2.3
Check: data for non-ASCII characters
Result: NOTE
Note: found 14729 marked UTF-8 strings
Flavors: r-devel-linux-x86_64-fedora-clang, r-devel-linux-x86_64-fedora-gcc
Version: 0.2.3
Check: package dependencies
Result: ERROR
Package required but not available: ‘ggtern’
See section ‘The DESCRIPTION file’ in the ‘Writing R Extensions’
manual.
Flavor: r-release-linux-x86_64