CRAN Package Check Results for Package cocktailApp

Last updated on 2019-09-17 22:48:04 CEST.

Flavor Version Tinstall Tcheck Ttotal Status Flags
r-devel-linux-x86_64-debian-clang 0.2.1 6.33 60.53 66.86 OK
r-devel-linux-x86_64-debian-gcc 0.2.1 5.39 46.58 51.97 OK
r-devel-linux-x86_64-fedora-clang 0.2.1 78.03 NOTE
r-devel-linux-x86_64-fedora-gcc 0.2.1 76.77 NOTE
r-devel-windows-ix86+x86_64 0.2.1 28.00 103.00 131.00 OK
r-patched-linux-x86_64 0.2.1 6.45 57.64 64.09 OK
r-patched-solaris-x86 0.2.1 123.30 NOTE
r-release-linux-x86_64 0.2.1 6.26 57.71 63.97 OK
r-release-windows-ix86+x86_64 0.2.1 12.00 78.00 90.00 OK
r-release-osx-x86_64 0.2.1 NOTE
r-oldrel-windows-ix86+x86_64 0.2.1 15.00 130.00 145.00 OK
r-oldrel-osx-x86_64 0.2.1 NOTE

Check Details

Version: 0.2.1
Check: data for non-ASCII characters
Result: NOTE
     Note: found 14661 marked UTF-8 strings
Flavors: r-devel-linux-x86_64-fedora-clang, r-devel-linux-x86_64-fedora-gcc, r-patched-solaris-x86, r-release-osx-x86_64, r-oldrel-osx-x86_64