CRAN Package Check Results for Package cocktailApp

Last updated on 2020-02-17 22:49:27 CET.

Flavor Version Tinstall Tcheck Ttotal Status Flags
r-devel-linux-x86_64-debian-clang 0.2.1 7.67 67.39 75.06 OK
r-devel-linux-x86_64-debian-gcc 0.2.1 5.86 52.82 58.68 OK
r-devel-linux-x86_64-fedora-clang 0.2.1 91.02 NOTE
r-devel-linux-x86_64-fedora-gcc 0.2.1 87.62 NOTE
r-devel-windows-ix86+x86_64 0.2.1 16.00 79.00 95.00 OK
r-devel-windows-ix86+x86_64-gcc8 0.2.1 26.00 114.00 140.00 OK
r-patched-linux-x86_64 0.2.1 6.13 59.37 65.50 OK
r-patched-solaris-x86 0.2.1 125.20 NOTE
r-release-linux-x86_64 0.2.1 5.96 58.86 64.82 OK
r-release-windows-ix86+x86_64 0.2.1 13.00 74.00 87.00 OK
r-release-osx-x86_64 0.2.1 NOTE
r-oldrel-windows-ix86+x86_64 0.2.1 8.00 74.00 82.00 OK
r-oldrel-osx-x86_64 0.2.1 NOTE

Check Details

Version: 0.2.1
Check: data for non-ASCII characters
Result: NOTE
     Note: found 14661 marked UTF-8 strings
Flavors: r-devel-linux-x86_64-fedora-clang, r-devel-linux-x86_64-fedora-gcc, r-patched-solaris-x86, r-release-osx-x86_64, r-oldrel-osx-x86_64