CRAN Package Check Results for Package coda.base

Last updated on 2019-09-16 22:49:18 CEST.

Flavor Version Tinstall Tcheck Ttotal Status Flags
r-devel-linux-x86_64-debian-clang 0.2.1 57.00 30.43 87.43 OK
r-devel-linux-x86_64-debian-gcc 0.2.1 44.43 24.21 68.64 OK
r-devel-linux-x86_64-fedora-clang 0.2.1 134.29 NOTE
r-devel-linux-x86_64-fedora-gcc 0.2.1 125.22 NOTE
r-devel-windows-ix86+x86_64 0.2.1 141.00 86.00 227.00 OK
r-patched-linux-x86_64 0.2.1 48.75 29.64 78.39 OK
r-patched-solaris-x86 0.2.1 129.50 NOTE
r-release-linux-x86_64 0.2.1 50.02 30.51 80.53 OK
r-release-windows-ix86+x86_64 0.2.1 103.00 66.00 169.00 OK
r-release-osx-x86_64 0.2.1 NOTE
r-oldrel-windows-ix86+x86_64 0.2.1 135.00 64.00 199.00 OK
r-oldrel-osx-x86_64 0.2.1 NOTE

Check Details

Version: 0.2.1
Check: data for non-ASCII characters
Result: NOTE
     Note: found 19 marked UTF-8 strings
Flavors: r-devel-linux-x86_64-fedora-clang, r-devel-linux-x86_64-fedora-gcc, r-patched-solaris-x86, r-release-osx-x86_64, r-oldrel-osx-x86_64