CRAN Package Check Results for Package coda.base

Last updated on 2020-02-17 22:49:27 CET.

Flavor Version Tinstall Tcheck Ttotal Status Flags
r-devel-linux-x86_64-debian-clang 0.2.1 66.41 35.49 101.90 OK
r-devel-linux-x86_64-debian-gcc 0.2.1 46.24 27.97 74.21 OK
r-devel-linux-x86_64-fedora-clang 0.2.1 142.66 NOTE
r-devel-linux-x86_64-fedora-gcc 0.2.1 131.28 NOTE
r-devel-windows-ix86+x86_64 0.2.1 120.00 67.00 187.00 OK
r-devel-windows-ix86+x86_64-gcc8 0.2.1 174.00 96.00 270.00 OK
r-patched-linux-x86_64 0.2.1 50.00 30.79 80.79 OK
r-patched-solaris-x86 0.2.1 130.00 NOTE
r-release-linux-x86_64 0.2.1 48.78 30.76 79.54 OK
r-release-windows-ix86+x86_64 0.2.1 119.00 66.00 185.00 OK
r-release-osx-x86_64 0.2.1 NOTE
r-oldrel-windows-ix86+x86_64 0.2.1 96.00 91.00 187.00 OK
r-oldrel-osx-x86_64 0.2.1 NOTE

Check Details

Version: 0.2.1
Check: data for non-ASCII characters
Result: NOTE
     Note: found 19 marked UTF-8 strings
Flavors: r-devel-linux-x86_64-fedora-clang, r-devel-linux-x86_64-fedora-gcc, r-patched-solaris-x86, r-release-osx-x86_64, r-oldrel-osx-x86_64