CRAN Package Check Results for Package codebreaker

Last updated on 2022-08-19 22:53:13 CEST.

Flavor Version Tinstall Tcheck Ttotal Status Flags
r-devel-linux-x86_64-debian-clang 0.0.2 2.40 25.77 28.17 NOTE
r-devel-linux-x86_64-debian-gcc 0.0.2 1.99 19.81 21.80 NOTE
r-devel-linux-x86_64-fedora-clang 0.0.2 45.73 NOTE
r-devel-linux-x86_64-fedora-gcc 0.0.2 43.99 NOTE
r-devel-windows-x86_64 0.0.2 25.00 50.00 75.00 NOTE
r-patched-linux-x86_64 0.0.2 2.56 24.77 27.33 NOTE
r-release-linux-x86_64 0.0.2 NOTE
r-release-macos-arm64 0.0.2 16.00 NOTE
r-release-macos-x86_64 0.0.2 22.00 NOTE
r-release-windows-x86_64 0.0.2 23.00 52.00 75.00 NOTE
r-oldrel-macos-arm64 0.0.2 17.00 NOTE
r-oldrel-macos-x86_64 0.0.2 30.00 NOTE
r-oldrel-windows-ix86+x86_64 0.0.2 5.00 46.00 51.00 NOTE

Check Details

Version: 0.0.2
Check: LazyData
Result: NOTE
     'LazyData' is specified without a 'data' directory
Flavors: r-devel-linux-x86_64-debian-clang, r-devel-linux-x86_64-debian-gcc, r-devel-linux-x86_64-fedora-clang, r-devel-linux-x86_64-fedora-gcc, r-devel-windows-x86_64, r-patched-linux-x86_64, r-release-linux-x86_64, r-release-macos-arm64, r-release-macos-x86_64, r-release-windows-x86_64, r-oldrel-macos-arm64, r-oldrel-macos-x86_64, r-oldrel-windows-ix86+x86_64