Last updated on 2023-09-21 23:03:16 CEST.
Flavor | Version | Tinstall | Tcheck | Ttotal | Status | Flags |
---|---|---|---|---|---|---|
r-devel-linux-x86_64-debian-clang | 1.1.1 | 2.17 | 26.86 | 29.03 | NOTE | |
r-devel-linux-x86_64-debian-gcc | 1.1.1 | 1.80 | 20.24 | 22.04 | NOTE | |
r-devel-linux-x86_64-fedora-clang | 1.1.1 | 36.48 | NOTE | |||
r-devel-linux-x86_64-fedora-gcc | 1.1.1 | 36.64 | NOTE | |||
r-devel-windows-x86_64 | 1.1.1 | 4.00 | 43.00 | 47.00 | NOTE | |
r-patched-linux-x86_64 | 1.1.1 | 2.08 | 25.55 | 27.63 | NOTE | |
r-release-linux-x86_64 | 1.1.1 | 2.09 | 25.97 | 28.06 | NOTE | |
r-release-macos-arm64 | 1.1.1 | 18.00 | NOTE | |||
r-release-macos-x86_64 | 1.1.1 | 23.00 | NOTE | |||
r-release-windows-x86_64 | 1.1.1 | 4.00 | 42.00 | 46.00 | NOTE | |
r-oldrel-macos-arm64 | 1.1.1 | 15.00 | NOTE | |||
r-oldrel-macos-x86_64 | 1.1.1 | 27.00 | NOTE | |||
r-oldrel-windows-x86_64 | 1.1.1 | 5.00 | 46.00 | 51.00 | NOTE |
Version: 1.1.1
Check: LazyData
Result: NOTE
'LazyData' is specified without a 'data' directory
Flavors: r-devel-linux-x86_64-debian-clang, r-devel-linux-x86_64-debian-gcc, r-devel-linux-x86_64-fedora-clang, r-devel-linux-x86_64-fedora-gcc, r-devel-windows-x86_64, r-patched-linux-x86_64, r-release-linux-x86_64, r-release-macos-arm64, r-release-macos-x86_64, r-release-windows-x86_64, r-oldrel-macos-arm64, r-oldrel-macos-x86_64, r-oldrel-windows-x86_64
Version: 1.1.1
Check: dependencies in R code
Result: NOTE
Namespace in Imports field not imported from: ‘tibble’
All declared Imports should be used.
Flavors: r-devel-linux-x86_64-fedora-clang, r-devel-linux-x86_64-fedora-gcc, r-oldrel-macos-arm64, r-oldrel-macos-x86_64