CRAN Package Check Results for Package cofeatureR

Last updated on 2021-12-02 22:55:48 CET.

Flavor Version Tinstall Tcheck Ttotal Status Flags
r-devel-linux-x86_64-debian-clang 1.1.1 2.10 23.06 25.16 NOTE
r-devel-linux-x86_64-debian-gcc 1.1.1 1.12 18.14 19.26 NOTE
r-devel-linux-x86_64-fedora-clang 1.1.1 42.18 NOTE
r-devel-linux-x86_64-fedora-gcc 1.1.1 31.37 NOTE
r-devel-windows-x86_64-new-UL 1.1.1 7.00 60.00 67.00 NOTE
r-devel-windows-x86_64-new-TK 1.1.1 NOTE
r-devel-windows-x86_64-old 1.1.1 5.00 31.00 36.00 NOTE
r-patched-linux-x86_64 1.1.1 2.29 22.09 24.38 NOTE
r-patched-solaris-x86 1.1.1 47.90 NOTE
r-release-linux-x86_64 1.1.1 2.18 21.81 23.99 NOTE
r-release-macos-arm64 1.1.1 NOTE
r-release-macos-x86_64 1.1.1 NOTE
r-release-windows-ix86+x86_64 1.1.1 6.00 40.00 46.00 NOTE
r-oldrel-macos-x86_64 1.1.1 NOTE
r-oldrel-windows-ix86+x86_64 1.1.1 5.00 41.00 46.00 OK

Check Details

Version: 1.1.1
Check: LazyData
Result: NOTE
     'LazyData' is specified without a 'data' directory
Flavors: r-devel-linux-x86_64-debian-clang, r-devel-linux-x86_64-debian-gcc, r-devel-linux-x86_64-fedora-clang, r-devel-linux-x86_64-fedora-gcc, r-devel-windows-x86_64-new-UL, r-devel-windows-x86_64-new-TK, r-devel-windows-x86_64-old, r-patched-linux-x86_64, r-patched-solaris-x86, r-release-linux-x86_64, r-release-macos-arm64, r-release-macos-x86_64, r-release-windows-ix86+x86_64

Version: 1.1.1
Check: dependencies in R code
Result: NOTE
    Namespace in Imports field not imported from: ‘tibble’
     All declared Imports should be used.
Flavors: r-devel-linux-x86_64-fedora-clang, r-devel-linux-x86_64-fedora-gcc, r-devel-windows-x86_64-new-TK, r-patched-solaris-x86, r-release-macos-arm64, r-release-macos-x86_64, r-oldrel-macos-x86_64