Last updated on 2023-09-30 22:59:03 CEST.
Flavor | Version | Tinstall | Tcheck | Ttotal | Status | Flags |
---|---|---|---|---|---|---|
r-devel-linux-x86_64-debian-clang | 0.9.3 | 8.15 | 97.03 | 105.18 | NOTE | |
r-devel-linux-x86_64-debian-gcc | 0.9.3 | 6.71 | 72.41 | 79.12 | NOTE | |
r-devel-linux-x86_64-fedora-clang | 0.9.3 | 127.69 | NOTE | |||
r-devel-linux-x86_64-fedora-gcc | 0.9.3 | 133.54 | NOTE | |||
r-devel-windows-x86_64 | 0.9.3 | 9.00 | 96.00 | 105.00 | NOTE | |
r-patched-linux-x86_64 | 0.9.3 | 9.35 | 91.44 | 100.79 | NOTE | |
r-release-linux-x86_64 | 0.9.3 | 7.88 | 92.62 | 100.50 | NOTE | |
r-release-macos-arm64 | 0.9.3 | 39.00 | NOTE | |||
r-release-macos-x86_64 | 0.9.3 | 54.00 | NOTE | |||
r-release-windows-x86_64 | 0.9.3 | 11.00 | 114.00 | 125.00 | NOTE | |
r-oldrel-macos-arm64 | 0.9.3 | 44.00 | OK | |||
r-oldrel-macos-x86_64 | 0.9.3 | 87.00 | OK | |||
r-oldrel-windows-x86_64 | 0.9.3 | 13.00 | 112.00 | 125.00 | OK |
Version: 0.9.3
Check: package subdirectories
Result: NOTE
Problems with news in ‘NEWS.md’:
No news entries found.
Flavors: r-devel-linux-x86_64-debian-clang, r-devel-linux-x86_64-debian-gcc, r-devel-linux-x86_64-fedora-clang, r-devel-linux-x86_64-fedora-gcc, r-devel-windows-x86_64, r-patched-linux-x86_64, r-release-linux-x86_64, r-release-macos-arm64, r-release-macos-x86_64, r-release-windows-x86_64
Version: 0.9.3
Check: package dependencies
Result: NOTE
Package suggested but not available for checking: ‘car’
Flavor: r-release-macos-x86_64