CRAN Package Check Results for Package cogmapr

Last updated on 2019-08-24 22:46:22 CEST.

Flavor Version Tinstall Tcheck Ttotal Status Flags
r-devel-linux-x86_64-debian-clang 0.9.1 7.30 63.31 70.61 OK
r-devel-linux-x86_64-debian-gcc 0.9.1 7.24 48.83 56.07 OK
r-devel-linux-x86_64-fedora-clang 0.9.1 83.30 OK
r-devel-linux-x86_64-fedora-gcc 0.9.1 81.87 OK
r-devel-windows-ix86+x86_64 0.9.1 21.00 122.00 143.00 OK
r-patched-linux-x86_64 0.9.1 6.82 61.05 67.87 OK
r-patched-solaris-x86 0.9.1 122.70 OK
r-release-linux-x86_64 0.9.1 7.44 61.42 68.86 OK
r-release-windows-ix86+x86_64 0.9.1 34.00 121.00 155.00 OK
r-release-osx-x86_64 0.9.1 ERROR
r-oldrel-windows-ix86+x86_64 0.9.1 17.00 106.00 123.00 OK
r-oldrel-osx-x86_64 0.9.1 OK

Check Details

Version: 0.9.1
Check: package dependencies
Result: ERROR
    Packages required but not available: 'graph', 'Rgraphviz'
    
    See section ‘The DESCRIPTION file’ in the ‘Writing R Extensions’
    manual.
Flavor: r-release-osx-x86_64