CRAN Package Check Results for Package cogmapr

Last updated on 2024-06-17 22:53:56 CEST.

Flavor Version Tinstall Tcheck Ttotal Status Flags
r-devel-linux-x86_64-debian-clang 0.9.3 10.82 93.65 104.47 NOTE
r-devel-linux-x86_64-debian-gcc 0.9.3 7.03 70.06 77.09 NOTE
r-devel-linux-x86_64-fedora-clang 0.9.3 128.05 NOTE
r-devel-linux-x86_64-fedora-gcc 0.9.3 130.34 NOTE
r-devel-windows-x86_64 0.9.3 10.00 91.00 101.00 NOTE
r-patched-linux-x86_64 0.9.3 10.09 91.12 101.21 NOTE
r-release-linux-x86_64 0.9.3 9.59 92.54 102.13 NOTE
r-release-macos-arm64 0.9.3 37.00 NOTE
r-release-macos-x86_64 0.9.3 56.00 NOTE
r-release-windows-x86_64 0.9.3 10.00 91.00 101.00 NOTE
r-oldrel-macos-arm64 0.9.3 39.00 NOTE
r-oldrel-macos-x86_64 0.9.3 54.00 NOTE
r-oldrel-windows-x86_64 0.9.3 11.00 106.00 117.00 NOTE

Check Details

Version: 0.9.3
Check: package subdirectories
Result: NOTE Problems with news in ‘NEWS.md’: No news entries found. Flavors: r-devel-linux-x86_64-debian-clang, r-devel-linux-x86_64-debian-gcc, r-devel-linux-x86_64-fedora-clang, r-devel-linux-x86_64-fedora-gcc, r-devel-windows-x86_64, r-patched-linux-x86_64, r-release-linux-x86_64, r-release-macos-arm64, r-release-macos-x86_64, r-release-windows-x86_64, r-oldrel-macos-arm64, r-oldrel-macos-x86_64, r-oldrel-windows-x86_64

Version: 0.9.3
Check: package dependencies
Result: NOTE Package suggested but not available for checking: ‘car’ Flavor: r-oldrel-macos-x86_64