CRAN Package Check Results for Package coinmarketcapr

Last updated on 2019-09-17 22:48:04 CEST.

Flavor Version Tinstall Tcheck Ttotal Status Flags
r-devel-linux-x86_64-debian-clang 0.2 3.31 38.80 42.11 OK
r-devel-linux-x86_64-debian-gcc 0.2 2.83 30.54 33.37 OK
r-devel-linux-x86_64-fedora-clang 0.2 51.77 OK
r-devel-linux-x86_64-fedora-gcc 0.2 50.57 OK
r-devel-windows-ix86+x86_64 0.2 20.00 76.00 96.00 OK
r-patched-linux-x86_64 0.2 3.00 37.57 40.57 OK
r-patched-solaris-x86 0.2 80.50 OK
r-release-linux-x86_64 0.2 3.22 35.80 39.02 WARN
r-release-windows-ix86+x86_64 0.2 8.00 60.00 68.00 OK
r-release-osx-x86_64 0.2 OK
r-oldrel-windows-ix86+x86_64 0.2 10.00 75.00 85.00 WARN
r-oldrel-osx-x86_64 0.2 OK

Check Details

Version: 0.2
Check: re-building of vignette outputs
Result: WARN
    Error(s) in re-building vignettes:
     ...
    --- re-building ‘Getting_Started.Rmd’ using rmarkdown
    Quitting from lines 44-46 (Getting_Started.Rmd)
    Error: processing vignette 'Getting_Started.Rmd' failed with diagnostics:
    lexical error: invalid char in json text.
     <!DOCTYPE html> <!--[if lt IE 7
     (right here) ------^
    
    --- failed re-building ‘Getting_Started.Rmd’
    
    SUMMARY: processing the following file failed:
     ‘Getting_Started.Rmd’
    
    Error: Vignette re-building failed.
    Execution halted
Flavor: r-release-linux-x86_64

Version: 0.2
Check: whether package can be installed
Result: WARN
    Found the following significant warnings:
     Warning: S3 methods '[.fun_list', '[.grouped_df', 'all.equal.tbl_df', 'anti_join.data.frame', 'anti_join.tbl_df', 'arrange.data.frame', 'arrange.default', 'arrange.grouped_df', 'arrange.tbl_df', 'arrange_.data.frame', 'arrange_.tbl_df', 'as.data.frame.grouped_df', 'as.data.frame.rowwise_df', 'as.data.frame.tbl_cube', 'as.table.tbl_cube', 'as.tbl.data.frame', 'as.tbl.tbl', 'as.tbl_cube.array', 'as.tbl_cube.data.frame', 'as.tbl_cube.matrix', 'as.tbl_cube.table', 'as_tibble.grouped_df', 'as_tibble.tbl_cube', 'auto_copy.tbl_cube', 'auto_copy.tbl_df', 'cbind.grouped_df', 'collapse.data.frame', 'collect.data.frame', 'common_by.NULL', 'common_by.character', 'common_by.default', 'common_by.list', 'compute.data.frame', 'copy_to.DBIConnection', 'copy_to.src_local', 'default_missing.data.frame', 'default_missing.default', 'dim.tbl_cube', 'distinct.data.frame', 'distinct.default', 'distinct.grouped_df', 'distinct.tbl_df', 'distinct_.data.frame', 'distinct_.grouped_df', 'distinct_.tbl_df', 'do.NULL', 'do.da [... truncated]
Flavor: r-oldrel-windows-ix86+x86_64