CRAN Package Check Results for Package collapse

Last updated on 2021-07-27 01:50:37 CEST.

Flavor Version Tinstall Tcheck Ttotal Status Flags
r-devel-linux-x86_64-debian-clang 1.6.4 279.92 196.87 476.79 ERROR
r-devel-linux-x86_64-debian-gcc 1.6.5 206.79 148.54 355.33 OK
r-devel-linux-x86_64-fedora-clang 1.6.5 675.46 NOTE
r-devel-linux-x86_64-fedora-gcc 1.6.5 631.00 OK
r-devel-windows-x86_64 1.6.5 239.00 187.00 426.00 OK
r-devel-windows-x86_64-gcc10-UCRT 1.6.4 OK
r-patched-linux-x86_64 1.6.4 245.15 189.92 435.07 OK
r-patched-solaris-x86 1.6.5 568.40 OK
r-release-linux-x86_64 1.6.4 240.62 189.60 430.22 OK
r-release-macos-arm64 1.6.5 NOTE
r-release-macos-x86_64 1.6.5 NOTE
r-release-windows-ix86+x86_64 1.6.5 512.00 257.00 769.00 NOTE
r-oldrel-macos-x86_64 1.6.5 WARN
r-oldrel-windows-ix86+x86_64 1.6.4 456.00 296.00 752.00 WARN

Check Details

Version: 1.6.4
Check: package dependencies
Result: NOTE
    Package suggested but not available for checking: 'lfe'
Flavor: r-devel-linux-x86_64-debian-clang

Version: 1.6.4
Check: examples
Result: ERROR
    Running examples in 'collapse-Ex.R' failed
    The error most likely occurred in:
    
    > base::assign(".ptime", proc.time(), pos = "CheckExEnv")
    > ### Name: collap
    > ### Title: Advanced Data Aggregation
    > ### Aliases: A5-advanced-aggregation collap collapv collapg
    > ### Keywords: manip
    >
    > ### ** Examples
    >
    > ## A Simple Introduction --------------------------------------
    > head(iris)
     Sepal.Length Sepal.Width Petal.Length Petal.Width Species
    1 5.1 3.5 1.4 0.2 setosa
    2 4.9 3.0 1.4 0.2 setosa
    3 4.7 3.2 1.3 0.2 setosa
    4 4.6 3.1 1.5 0.2 setosa
    5 5.0 3.6 1.4 0.2 setosa
    6 5.4 3.9 1.7 0.4 setosa
    > collap(iris, ~ Species) # Default: FUN = fmean for numeric
    Error in collap(iris, ~Species) : not safe to return vector pointer
    Execution halted
Flavor: r-devel-linux-x86_64-debian-clang

Version: 1.6.5
Check: installed package size
Result: NOTE
     installed size is 17.7Mb
     sub-directories of 1Mb or more:
     libs 15.6Mb
Flavors: r-devel-linux-x86_64-fedora-clang, r-release-macos-arm64, r-release-macos-x86_64, r-release-windows-ix86+x86_64, r-oldrel-macos-x86_64

Version: 1.6.5
Check: for unstated dependencies in examples
Result: WARN
    Warning: parse error in file 'lines':
    8: unexpected '>'
    55: giris <- group_by(iris, Species)
    56: giris |>
     ^
Flavor: r-oldrel-macos-x86_64

Version: 1.6.4
Check: installed package size
Result: NOTE
     installed size is 6.8Mb
     sub-directories of 1Mb or more:
     libs 4.7Mb
Flavor: r-oldrel-windows-ix86+x86_64

Version: 1.6.4
Check: for unstated dependencies in examples
Result: WARN
    Warning: parse error in file 'lines':
    8: unexpected '>'
    56: giris <- group_by(iris, Species)
    57: giris |>
     ^
Flavor: r-oldrel-windows-ix86+x86_64