Last updated on 2024-04-26 22:54:39 CEST.
Flavor | Version | Tinstall | Tcheck | Ttotal | Status | Flags |
---|---|---|---|---|---|---|
r-devel-linux-x86_64-debian-clang | 2.0.13 | 251.91 | 522.19 | 774.10 | NOTE | |
r-devel-linux-x86_64-debian-gcc | 2.0.13 | 191.08 | 366.56 | 557.64 | NOTE | |
r-devel-linux-x86_64-fedora-clang | 2.0.13 | 755.27 | NOTE | |||
r-devel-linux-x86_64-fedora-gcc | 2.0.13 | 1010.28 | NOTE | |||
r-devel-windows-x86_64 | 2.0.13 | 187.00 | 435.00 | 622.00 | NOTE | |
r-patched-linux-x86_64 | 2.0.13 | 245.31 | 485.26 | 730.57 | OK | |
r-release-linux-x86_64 | 2.0.13 | 248.62 | 492.56 | 741.18 | OK | |
r-release-macos-arm64 | 2.0.13 | 275.00 | NOTE | |||
r-release-macos-x86_64 | 2.0.13 | 716.00 | NOTE | |||
r-release-windows-x86_64 | 2.0.13 | 189.00 | 418.00 | 607.00 | NOTE | |
r-oldrel-macos-arm64 | 2.0.13 | 274.00 | NOTE | |||
r-oldrel-macos-x86_64 | 2.0.13 | 698.00 | NOTE | |||
r-oldrel-windows-x86_64 | 2.0.13 | 241.00 | 545.00 | 786.00 | NOTE |
Version: 2.0.13
Check: compiled code
Result: NOTE
File ‘collapse/libs/collapse.so’:
Found non-API calls to R: ‘SETLENGTH’, ‘SET_ENVFLAGS’,
‘SET_S4_OBJECT’, ‘SET_TRUELENGTH’, ‘UNSET_S4_OBJECT’
Compiled code should not call non-API entry points in R.
See ‘Writing portable packages’ in the ‘Writing R Extensions’ manual.
Flavors: r-devel-linux-x86_64-debian-clang, r-devel-linux-x86_64-debian-gcc, r-devel-linux-x86_64-fedora-clang, r-devel-linux-x86_64-fedora-gcc
Version: 2.0.13
Check: installed package size
Result: NOTE
installed size is 5.2Mb
sub-directories of 1Mb or more:
R 1.1Mb
libs 2.4Mb
Flavors: r-devel-windows-x86_64, r-release-macos-arm64, r-release-macos-x86_64, r-release-windows-x86_64, r-oldrel-macos-arm64, r-oldrel-macos-x86_64, r-oldrel-windows-x86_64
Version: 2.0.13
Check: compiled code
Result: NOTE
File 'collapse/libs/x64/collapse.dll':
Found non-API calls to R: 'SETLENGTH', 'SET_ENVFLAGS',
'SET_S4_OBJECT', 'SET_TRUELENGTH', 'UNSET_S4_OBJECT'
Compiled code should not call non-API entry points in R.
See 'Writing portable packages' in the 'Writing R Extensions' manual.
Flavor: r-devel-windows-x86_64