CRAN Package Check Results for Package collapse

Last updated on 2021-10-23 22:57:43 CEST.

Flavor Version Tinstall Tcheck Ttotal Status Flags
r-devel-linux-x86_64-debian-clang 1.6.5 256.91 200.91 457.82 OK
r-devel-linux-x86_64-debian-gcc 1.6.5 209.28 146.42 355.70 OK
r-devel-linux-x86_64-fedora-clang 1.6.5 688.28 NOTE
r-devel-linux-x86_64-fedora-gcc 1.6.5 642.73 OK
r-devel-windows-x86_64 1.6.5 330.00 255.00 585.00 OK
r-devel-windows-x86_64-gcc10-UCRT 1.6.5 OK
r-patched-linux-x86_64 1.6.5 244.03 191.35 435.38 OK
r-patched-solaris-x86 1.6.5 582.40 OK
r-release-linux-x86_64 1.6.5 239.71 191.10 430.81 OK
r-release-macos-arm64 1.6.5 NOTE
r-release-macos-x86_64 1.6.5 NOTE
r-release-windows-ix86+x86_64 1.6.5 479.00 323.00 802.00 NOTE
r-oldrel-macos-x86_64 1.6.5 WARN
r-oldrel-windows-ix86+x86_64 1.6.5 641.00 317.00 958.00 WARN

Additional issues

rchk

Check Details

Version: 1.6.5
Check: installed package size
Result: NOTE
     installed size is 17.4Mb
     sub-directories of 1Mb or more:
     libs 15.3Mb
Flavors: r-devel-linux-x86_64-fedora-clang, r-release-macos-arm64, r-release-macos-x86_64, r-release-windows-ix86+x86_64, r-oldrel-macos-x86_64, r-oldrel-windows-ix86+x86_64

Version: 1.6.5
Check: for unstated dependencies in examples
Result: WARN
    Warning: parse error in file 'lines':
    8: unexpected '>'
    55: giris <- group_by(iris, Species)
    56: giris |>
     ^
Flavor: r-oldrel-macos-x86_64

Version: 1.6.5
Check: for unstated dependencies in examples
Result: WARN
    Warning: parse error in file 'lines':
    8: unexpected '>'
    56: giris <- group_by(iris, Species)
    57: giris |>
     ^
Flavor: r-oldrel-windows-ix86+x86_64