CRAN Package Check Results for Package colocr

Last updated on 2022-12-09 22:55:48 CET.

Flavor Version Tinstall Tcheck Ttotal Status Flags
r-devel-linux-x86_64-debian-clang 0.1.1 7.01 215.16 222.17 NOTE
r-devel-linux-x86_64-debian-gcc 0.1.1 4.70 153.21 157.91 NOTE
r-devel-linux-x86_64-fedora-clang 0.1.1 284.54 NOTE
r-devel-linux-x86_64-fedora-gcc 0.1.1 279.10 NOTE
r-devel-windows-x86_64 0.1.1 20.00 261.00 281.00 NOTE
r-patched-linux-x86_64 0.1.1 10.24 198.90 209.14 NOTE
r-release-linux-x86_64 0.1.1 6.71 200.89 207.60 NOTE
r-release-macos-arm64 0.1.1 70.00 NOTE
r-release-macos-x86_64 0.1.1 136.00 NOTE
r-release-windows-x86_64 0.1.1 30.00 275.00 305.00 NOTE
r-oldrel-macos-arm64 0.1.1 84.00 NOTE
r-oldrel-macos-x86_64 0.1.1 156.00 NOTE
r-oldrel-windows-ix86+x86_64 0.1.1 15.00 265.00 280.00 NOTE

Check Details

Version: 0.1.1
Check: LazyData
Result: NOTE
     'LazyData' is specified without a 'data' directory
Flavors: r-devel-linux-x86_64-debian-clang, r-devel-linux-x86_64-debian-gcc, r-devel-linux-x86_64-fedora-clang, r-devel-linux-x86_64-fedora-gcc, r-devel-windows-x86_64, r-patched-linux-x86_64, r-release-linux-x86_64, r-release-macos-arm64, r-release-macos-x86_64, r-release-windows-x86_64, r-oldrel-macos-arm64, r-oldrel-macos-x86_64, r-oldrel-windows-ix86+x86_64