CRAN Package Check Results for Package colorSpec

Last updated on 2021-09-21 22:51:15 CEST.

Flavor Version Tinstall Tcheck Ttotal Status Flags
r-devel-linux-x86_64-debian-clang 1.2-1 4.98 280.40 285.38 OK
r-devel-linux-x86_64-debian-gcc 1.2-1 3.72 217.13 220.85 OK
r-devel-linux-x86_64-fedora-clang 1.2-1 324.01 NOTE
r-devel-linux-x86_64-fedora-gcc 1.2-1 312.27 OK
r-devel-windows-x86_64 1.2-1 7.00 191.00 198.00 NOTE
r-devel-windows-x86_64-gcc10-UCRT 1.2-1 ERROR
r-patched-linux-x86_64 1.2-1 6.73 292.93 299.66 OK
r-patched-solaris-x86 1.2-1 326.80 NOTE
r-release-linux-x86_64 1.2-1 4.21 292.10 296.31 OK
r-release-macos-arm64 1.2-1 NOTE
r-release-macos-x86_64 1.2-1 NOTE
r-release-windows-ix86+x86_64 1.2-1 10.00 206.00 216.00 NOTE
r-oldrel-macos-x86_64 1.2-1 NOTE
r-oldrel-windows-ix86+x86_64 1.2-1 9.00 293.00 302.00 NOTE

Check Details

Version: 1.2-1
Check: installed package size
Result: NOTE
     installed size is 5.5Mb
     sub-directories of 1Mb or more:
     doc 2.6Mb
     extdata 2.1Mb
Flavors: r-devel-linux-x86_64-fedora-clang, r-devel-windows-x86_64, r-patched-solaris-x86, r-release-macos-arm64, r-release-macos-x86_64, r-release-windows-ix86+x86_64, r-oldrel-macos-x86_64, r-oldrel-windows-ix86+x86_64

Version: 1.2-1
Check: Rd cross-references
Result: NOTE
    Undeclared package ‘plyr’ in Rd xrefs
Flavor: r-devel-linux-x86_64-fedora-clang

Version: 1.2-1
Check: whether package can be installed
Result: WARN
    Found the following significant warnings:
     WARNING: installation-time patches will not be applied, could not get the patches index
Flavor: r-devel-windows-x86_64-gcc10-UCRT

Version: 1.2-1
Check: PDF version of manual
Result: WARN
    LaTeX errors when creating PDF version.
    This typically indicates Rd problems.
Flavor: r-devel-windows-x86_64-gcc10-UCRT

Version: 1.2-1
Check: PDF version of manual without hyperrefs or index
Result: ERROR
    Re-running with no redirection of stdout/stderr.
Flavor: r-devel-windows-x86_64-gcc10-UCRT