CRAN Package Check Results for Package colordistance

Last updated on 2019-08-25 22:46:58 CEST.

Flavor Version Tinstall Tcheck Ttotal Status Flags
r-devel-linux-x86_64-debian-clang 1.1.0 3.69 120.53 124.22 NOTE
r-devel-linux-x86_64-debian-gcc 1.1.0 3.10 92.54 95.64 NOTE
r-devel-linux-x86_64-fedora-clang 1.1.0 149.37 NOTE
r-devel-linux-x86_64-fedora-gcc 1.1.0 145.56 NOTE
r-devel-windows-ix86+x86_64 1.1.0 22.00 136.00 158.00 OK
r-patched-linux-x86_64 1.1.0 3.12 117.91 121.03 OK
r-patched-solaris-x86 1.1.0 221.10 NOTE
r-release-linux-x86_64 1.1.0 4.03 116.68 120.71 OK
r-release-windows-ix86+x86_64 1.1.0 12.00 189.00 201.00 OK
r-release-osx-x86_64 1.1.0 NOTE
r-oldrel-windows-ix86+x86_64 1.1.0 11.00 208.00 219.00 OK
r-oldrel-osx-x86_64 1.1.0 NOTE

Check Details

Version: 1.1.0
Check: for non-standard things in the check directory
Result: NOTE
    Found the following files/directories:
     'HeliconiusColorTree.newick'
Flavors: r-devel-linux-x86_64-debian-clang, r-devel-linux-x86_64-debian-gcc, r-devel-linux-x86_64-fedora-clang, r-devel-linux-x86_64-fedora-gcc

Version: 1.1.0
Check: dependencies in R code
Result: NOTE
    Namespace in Imports field not imported from: ‘magrittr’
     All declared Imports should be used.
Flavors: r-devel-linux-x86_64-fedora-clang, r-devel-linux-x86_64-fedora-gcc, r-patched-solaris-x86, r-release-osx-x86_64, r-oldrel-osx-x86_64