CRAN Package Check Results for Package colordistance

Last updated on 2020-01-17 22:50:49 CET.

Flavor Version Tinstall Tcheck Ttotal Status Flags
r-devel-linux-x86_64-debian-clang 1.1.0 4.52 129.85 134.37 NOTE
r-devel-linux-x86_64-debian-gcc 1.1.0 3.20 97.34 100.54 NOTE
r-devel-linux-x86_64-fedora-clang 1.1.0 168.23 WARN
r-devel-linux-x86_64-fedora-gcc 1.1.0 153.70 NOTE
r-devel-windows-ix86+x86_64 1.1.0 14.00 148.00 162.00 OK
r-devel-windows-ix86+x86_64-gcc8 1.1.0 13.00 207.00 220.00 OK
r-patched-linux-x86_64 1.1.0 3.10 116.16 119.26 OK
r-patched-solaris-x86 1.1.0 226.60 NOTE
r-release-linux-x86_64 1.1.0 3.00 117.77 120.77 OK
r-release-windows-ix86+x86_64 1.1.0 15.00 175.00 190.00 OK
r-release-osx-x86_64 1.1.0 NOTE
r-oldrel-windows-ix86+x86_64 1.1.0 10.00 204.00 214.00 OK
r-oldrel-osx-x86_64 1.1.0 NOTE

Check Details

Version: 1.1.0
Check: for non-standard things in the check directory
Result: NOTE
    Found the following files/directories:
     'HeliconiusColorTree.newick'
Flavors: r-devel-linux-x86_64-debian-clang, r-devel-linux-x86_64-debian-gcc, r-devel-linux-x86_64-fedora-clang, r-devel-linux-x86_64-fedora-gcc

Version: 1.1.0
Check: package dependencies
Result: WARN
    Requires orphaned package: ‘gplots’
Flavor: r-devel-linux-x86_64-fedora-clang

Version: 1.1.0
Check: dependencies in R code
Result: NOTE
    Namespace in Imports field not imported from: ‘magrittr’
     All declared Imports should be used.
Flavors: r-devel-linux-x86_64-fedora-clang, r-devel-linux-x86_64-fedora-gcc, r-patched-solaris-x86, r-release-osx-x86_64, r-oldrel-osx-x86_64