CRAN Package Check Results for Package colorizer

Last updated on 2021-11-30 22:54:27 CET.

Flavor Version Tinstall Tcheck Ttotal Status Flags
r-devel-linux-x86_64-debian-clang 0.1.0 4.56 46.19 50.75 NOTE
r-devel-linux-x86_64-debian-gcc 0.1.0 2.95 38.14 41.09 NOTE
r-devel-linux-x86_64-fedora-clang 0.1.0 74.31 NOTE
r-devel-linux-x86_64-fedora-gcc 0.1.0 59.61 NOTE
r-devel-windows-x86_64-new-UL 0.1.0 12.00 84.00 96.00 NOTE
r-devel-windows-x86_64-new-TK 0.1.0 NOTE
r-devel-windows-x86_64-old 0.1.0 10.00 49.00 59.00 NOTE
r-patched-linux-x86_64 0.1.0 5.08 42.16 47.24 NOTE
r-patched-solaris-x86 0.1.0 94.10 NOTE
r-release-linux-x86_64 0.1.0 5.12 42.33 47.45 NOTE
r-release-macos-arm64 0.1.0 NOTE
r-release-macos-x86_64 0.1.0 NOTE
r-release-windows-ix86+x86_64 0.1.0 14.00 50.00 64.00 NOTE
r-oldrel-macos-x86_64 0.1.0 OK
r-oldrel-windows-ix86+x86_64 0.1.0 10.00 56.00 66.00 OK

Check Details

Version: 0.1.0
Check: LazyData
Result: NOTE
     'LazyData' is specified without a 'data' directory
Flavors: r-devel-linux-x86_64-debian-clang, r-devel-linux-x86_64-debian-gcc, r-devel-linux-x86_64-fedora-clang, r-devel-linux-x86_64-fedora-gcc, r-devel-windows-x86_64-new-UL, r-devel-windows-x86_64-new-TK, r-devel-windows-x86_64-old, r-patched-linux-x86_64, r-patched-solaris-x86, r-release-linux-x86_64, r-release-macos-arm64, r-release-macos-x86_64, r-release-windows-ix86+x86_64

Version: 0.1.0
Check: package dependencies
Result: NOTE
    Package suggested but not available for checking: ‘gifski’
Flavor: r-patched-solaris-x86