CRAN Package Check Results for Package colorpatch

Last updated on 2021-11-28 22:51:10 CET.

Flavor Version Tinstall Tcheck Ttotal Status Flags
r-devel-linux-x86_64-debian-clang 0.1.2 OK
r-devel-linux-x86_64-debian-gcc 0.1.2 4.03 42.30 46.33 OK
r-devel-linux-x86_64-fedora-clang 0.1.2 83.42 NOTE
r-devel-linux-x86_64-fedora-gcc 0.1.2 71.59 NOTE
r-devel-windows-x86_64-new-UL 0.1.2 14.00 100.00 114.00 OK
r-devel-windows-x86_64-new-TK 0.1.2 NOTE
r-devel-windows-x86_64-old 0.1.2 6.00 75.00 81.00 OK
r-patched-linux-x86_64 0.1.2 9.68 51.17 60.85 OK
r-patched-solaris-x86 0.1.2 93.00 NOTE
r-release-linux-x86_64 0.1.2 4.86 50.89 55.75 OK
r-release-macos-arm64 0.1.2 NOTE
r-release-macos-x86_64 0.1.2 NOTE
r-release-windows-ix86+x86_64 0.1.2 12.00 75.00 87.00 OK
r-oldrel-macos-x86_64 0.1.2 NOTE
r-oldrel-windows-ix86+x86_64 0.1.2 33.00 76.00 109.00 OK

Check Details

Version: 0.1.2
Check: dependencies in R code
Result: NOTE
    Namespaces in Imports field not imported from:
     ‘grid’ ‘gridExtra’
     All declared Imports should be used.
Flavors: r-devel-linux-x86_64-fedora-clang, r-devel-linux-x86_64-fedora-gcc, r-devel-windows-x86_64-new-TK, r-patched-solaris-x86, r-release-macos-arm64, r-release-macos-x86_64, r-oldrel-macos-x86_64