CRAN Package Check Results for Package colourvalues

Last updated on 2021-07-25 23:00:09 CEST.

Flavor Version Tinstall Tcheck Ttotal Status Flags
r-devel-linux-x86_64-debian-clang 0.3.7 96.31 36.46 132.77 NOTE
r-devel-linux-x86_64-debian-gcc 0.3.7 65.02 28.26 93.28 NOTE
r-devel-linux-x86_64-fedora-clang 0.3.7 194.39 NOTE
r-devel-linux-x86_64-fedora-gcc 0.3.7 172.34 NOTE
r-devel-windows-x86_64 0.3.7 87.00 73.00 160.00 NOTE
r-devel-windows-x86_64-gcc10-UCRT 0.3.7 NOTE
r-patched-linux-x86_64 0.3.7 78.31 34.56 112.87 NOTE
r-patched-solaris-x86 0.3.7 162.00 NOTE
r-release-linux-x86_64 0.3.7 75.52 34.95 110.47 NOTE
r-release-macos-arm64 0.3.7 NOTE
r-release-macos-x86_64 0.3.7 NOTE
r-release-windows-ix86+x86_64 0.3.7 210.00 68.00 278.00 NOTE
r-oldrel-macos-x86_64 0.3.7 NOTE
r-oldrel-windows-ix86+x86_64 0.3.7 160.00 91.00 251.00 OK

Check Details

Version: 0.3.7
Check: LazyData
Result: NOTE
     'LazyData' is specified without a 'data' directory
Flavors: r-devel-linux-x86_64-debian-clang, r-devel-linux-x86_64-debian-gcc, r-devel-linux-x86_64-fedora-clang, r-devel-linux-x86_64-fedora-gcc, r-devel-windows-x86_64, r-devel-windows-x86_64-gcc10-UCRT, r-patched-linux-x86_64, r-patched-solaris-x86, r-release-linux-x86_64, r-release-macos-arm64, r-release-macos-x86_64, r-release-windows-ix86+x86_64

Version: 0.3.7
Check: installed package size
Result: NOTE
     installed size is 6.7Mb
     sub-directories of 1Mb or more:
     libs 5.4Mb
Flavors: r-devel-linux-x86_64-fedora-clang, r-release-macos-arm64, r-release-macos-x86_64, r-oldrel-macos-x86_64