CRAN Package Check Results for Package colourvalues

Last updated on 2024-05-19 22:50:32 CEST.

Flavor Version Tinstall Tcheck Ttotal Status Flags
r-devel-linux-x86_64-debian-clang 0.3.9 95.08 40.89 135.97 NOTE
r-devel-linux-x86_64-debian-gcc 0.3.9 78.38 30.61 108.99 NOTE
r-devel-linux-x86_64-fedora-clang 0.3.9 206.81 NOTE
r-devel-linux-x86_64-fedora-gcc 0.3.9 261.40 NOTE
r-devel-windows-x86_64 0.3.9 75.00 79.00 154.00 NOTE
r-patched-linux-x86_64 0.3.9 104.43 39.10 143.53 NOTE
r-release-linux-x86_64 0.3.9 102.47 37.62 140.09 NOTE
r-release-macos-arm64 0.3.9 41.00 NOTE
r-release-windows-x86_64 0.3.9 77.00 83.00 160.00 NOTE
r-oldrel-macos-arm64 0.3.9 51.00 NOTE
r-oldrel-macos-x86_64 0.3.9 140.00 NOTE
r-oldrel-windows-x86_64 0.3.9 74.00 96.00 170.00 OK

Check Details

Version: 0.3.9
Check: Rd files
Result: NOTE checkRd: (-1) colour_values.Rd:143: Lost braces in \itemize; meant \describe ? checkRd: (-1) colour_values.Rd:144: Lost braces in \itemize; meant \describe ? checkRd: (-1) colour_values_rgb.Rd:143: Lost braces in \itemize; meant \describe ? checkRd: (-1) colour_values_rgb.Rd:144: Lost braces in \itemize; meant \describe ? Flavors: r-devel-linux-x86_64-debian-clang, r-devel-linux-x86_64-debian-gcc, r-devel-linux-x86_64-fedora-clang, r-devel-linux-x86_64-fedora-gcc, r-devel-windows-x86_64, r-patched-linux-x86_64, r-release-linux-x86_64, r-release-macos-arm64, r-release-windows-x86_64

Version: 0.3.9
Check: installed package size
Result: NOTE installed size is 6.7Mb sub-directories of 1Mb or more: libs 5.4Mb Flavors: r-release-macos-arm64, r-oldrel-macos-arm64, r-oldrel-macos-x86_64