CRAN Package Check Results for Package colr

Last updated on 2020-01-18 22:48:28 CET.

Flavor Version Tinstall Tcheck Ttotal Status Flags
r-devel-linux-x86_64-debian-clang 0.1.900 1.63 21.18 22.81 NOTE
r-devel-linux-x86_64-debian-gcc 0.1.900 1.45 17.14 18.59 NOTE
r-devel-linux-x86_64-fedora-clang 0.1.900 29.22 OK
r-devel-linux-x86_64-fedora-gcc 0.1.900 28.54 OK
r-devel-windows-ix86+x86_64 0.1.900 10.00 48.00 58.00 NOTE
r-devel-windows-ix86+x86_64-gcc8 0.1.900 6.00 54.00 60.00 NOTE
r-patched-linux-x86_64 0.1.900 1.45 19.46 20.91 OK
r-patched-solaris-x86 0.1.900 39.90 OK
r-release-linux-x86_64 0.1.900 1.22 19.81 21.03 OK
r-release-windows-ix86+x86_64 0.1.900 9.00 34.00 43.00 OK
r-release-osx-x86_64 0.1.900 OK
r-oldrel-windows-ix86+x86_64 0.1.900 3.00 33.00 36.00 OK
r-oldrel-osx-x86_64 0.1.900 OK

Check Details

Version: 0.1.900
Check: package vignettes
Result: NOTE
    Package vignette with placeholder title 'Vignette Title':
     'colr.Rmd'
Flavors: r-devel-linux-x86_64-debian-clang, r-devel-linux-x86_64-debian-gcc, r-devel-windows-ix86+x86_64, r-devel-windows-ix86+x86_64-gcc8