CRAN Package Check Results for Package colt

Last updated on 2024-03-02 22:41:50 CET.

Flavor Version Tinstall Tcheck Ttotal Status Flags
r-devel-linux-x86_64-debian-clang 0.1.1 2.06 24.45 26.51 NOTE
r-devel-linux-x86_64-debian-gcc 0.1.1 1.84 19.53 21.37 NOTE
r-devel-linux-x86_64-fedora-clang 0.1.1 34.71 NOTE
r-devel-linux-x86_64-fedora-gcc 0.1.1 32.65 NOTE
r-devel-windows-x86_64 0.1.1 4.00 42.00 46.00 NOTE
r-patched-linux-x86_64 0.1.1 1.93 24.15 26.08 NOTE
r-release-linux-x86_64 0.1.1 1.89 24.15 26.04 NOTE
r-release-macos-arm64 0.1.1 16.00 NOTE
r-release-macos-x86_64 0.1.1 22.00 NOTE
r-release-windows-x86_64 0.1.1 5.00 43.00 48.00 NOTE
r-oldrel-macos-arm64 0.1.1 15.00 OK
r-oldrel-windows-x86_64 0.1.1 3.00 44.00 47.00 OK

Check Details

Version: 0.1.1
Check: dependencies in R code
Result: NOTE Unexported object imported by a ':::' call: ‘crayon:::mypaste’ See the note in ?`:::` about the use of this operator. Flavors: r-devel-linux-x86_64-debian-clang, r-devel-linux-x86_64-debian-gcc, r-devel-linux-x86_64-fedora-clang, r-devel-linux-x86_64-fedora-gcc, r-devel-windows-x86_64, r-patched-linux-x86_64, r-release-linux-x86_64, r-release-macos-arm64, r-release-macos-x86_64, r-release-windows-x86_64