Last updated on 2023-09-28 23:08:42 CEST.
Flavor | Version | Tinstall | Tcheck | Ttotal | Status | Flags |
---|---|---|---|---|---|---|
r-devel-linux-x86_64-debian-clang | 2.0.0 | 47.70 | 61.65 | 109.35 | NOTE | |
r-devel-linux-x86_64-debian-gcc | 2.0.0 | 34.60 | 58.23 | 92.83 | NOTE | |
r-devel-linux-x86_64-fedora-clang | 2.0.0 | 142.50 | NOTE | |||
r-devel-linux-x86_64-fedora-gcc | 2.0.0 | 151.79 | NOTE | |||
r-devel-windows-x86_64 | 2.0.0 | 36.00 | 85.00 | 121.00 | NOTE | |
r-patched-linux-x86_64 | 2.0.0 | 41.87 | 65.92 | 107.79 | NOTE | |
r-release-linux-x86_64 | 2.0.0 | 49.21 | 63.40 | 112.61 | NOTE | |
r-release-macos-arm64 | 2.0.0 | 38.00 | NOTE | |||
r-release-macos-x86_64 | 2.0.0 | 68.00 | NOTE | |||
r-release-windows-x86_64 | 2.0.0 | 48.00 | 95.00 | 143.00 | NOTE | |
r-oldrel-macos-arm64 | 2.0.0 | 36.00 | OK | |||
r-oldrel-macos-x86_64 | 2.0.0 | 49.00 | OK | |||
r-oldrel-windows-x86_64 | 2.0.0 | 42.00 | 89.00 | 131.00 | OK |
Version: 2.0.0
Check: C++ specification
Result: NOTE
Specified C++11: please drop specification unless essential
Flavors: r-devel-linux-x86_64-debian-clang, r-devel-linux-x86_64-debian-gcc, r-devel-linux-x86_64-fedora-clang, r-devel-linux-x86_64-fedora-gcc, r-devel-windows-x86_64, r-patched-linux-x86_64, r-release-linux-x86_64, r-release-macos-arm64, r-release-macos-x86_64, r-release-windows-x86_64