CRAN Package Check Results for Package combinIT

Last updated on 2024-06-20 22:50:42 CEST.

Flavor Version Tinstall Tcheck Ttotal Status Flags
r-devel-linux-x86_64-debian-clang 2.0.0 44.62 53.54 98.16 NOTE
r-devel-linux-x86_64-debian-gcc 2.0.0 34.74 65.24 99.98 NOTE
r-devel-linux-x86_64-fedora-clang 2.0.0 136.90 NOTE
r-devel-linux-x86_64-fedora-gcc 2.0.0 149.79 NOTE
r-devel-windows-x86_64 2.0.0 37.00 81.00 118.00 NOTE
r-patched-linux-x86_64 2.0.0 39.02 74.33 113.35 NOTE
r-release-linux-x86_64 2.0.0 42.49 75.37 117.86 NOTE
r-release-macos-arm64 2.0.0 37.00 NOTE
r-release-macos-x86_64 2.0.0 58.00 NOTE
r-release-windows-x86_64 2.0.0 38.00 82.00 120.00 NOTE
r-oldrel-macos-arm64 2.0.0 38.00 NOTE
r-oldrel-macos-x86_64 2.0.0 68.00 NOTE
r-oldrel-windows-x86_64 2.0.0 45.00 95.00 140.00 NOTE

Check Details

Version: 2.0.0
Check: C++ specification
Result: NOTE Specified C++11: please drop specification unless essential Flavors: r-devel-linux-x86_64-debian-clang, r-devel-linux-x86_64-debian-gcc, r-devel-linux-x86_64-fedora-clang, r-devel-linux-x86_64-fedora-gcc, r-devel-windows-x86_64, r-patched-linux-x86_64, r-release-linux-x86_64, r-release-macos-arm64, r-release-macos-x86_64, r-release-windows-x86_64, r-oldrel-macos-arm64, r-oldrel-macos-x86_64, r-oldrel-windows-x86_64