CRAN Package Check Results for Package combiroc

Last updated on 2021-12-03 22:57:36 CET.

Flavor Version Tinstall Tcheck Ttotal Status Flags
r-devel-linux-x86_64-debian-clang 0.2.3 6.55 80.40 86.95 OK
r-devel-linux-x86_64-debian-gcc 0.2.3 4.80 59.84 64.64 OK
r-devel-linux-x86_64-fedora-clang 0.2.3 112.92 NOTE
r-devel-linux-x86_64-fedora-gcc 0.2.3 99.69 NOTE
r-devel-windows-x86_64-new-UL 0.2.3 16.00 131.00 147.00 OK
r-devel-windows-x86_64-new-TK 0.2.3 NOTE
r-devel-windows-x86_64-old 0.2.3 12.00 76.00 88.00 OK
r-patched-linux-x86_64 0.2.3 4.45 71.55 76.00 OK
r-release-linux-x86_64 0.2.3 6.23 72.35 78.58 OK
r-release-macos-arm64 0.2.3 NOTE
r-release-macos-x86_64 0.2.3 NOTE
r-release-windows-ix86+x86_64 0.2.3 17.00 104.00 121.00 OK
r-oldrel-macos-x86_64 0.2.3 NOTE
r-oldrel-windows-ix86+x86_64 0.2.3 16.00 103.00 119.00 OK

Check Details

Version: 0.2.3
Check: dependencies in R code
Result: NOTE
    Namespace in Imports field not imported from: ‘devtools’
     All declared Imports should be used.
Flavors: r-devel-linux-x86_64-fedora-clang, r-devel-linux-x86_64-fedora-gcc, r-devel-windows-x86_64-new-TK, r-release-macos-arm64, r-release-macos-x86_64, r-oldrel-macos-x86_64