Last updated on 2024-04-25 22:49:03 CEST.
Flavor | Version | Tinstall | Tcheck | Ttotal | Status | Flags |
---|---|---|---|---|---|---|
r-devel-linux-x86_64-debian-clang | 1.3.2 | 2.91 | 32.78 | 35.69 | OK | |
r-devel-linux-x86_64-debian-gcc | 1.3.2 | 2.13 | 29.11 | 31.24 | OK | |
r-devel-linux-x86_64-fedora-clang | 1.3.2 | 45.13 | NOTE | |||
r-devel-linux-x86_64-fedora-gcc | 1.3.2 | 51.68 | NOTE | |||
r-devel-windows-x86_64 | 1.3.2 | 6.00 | 48.00 | 54.00 | OK | |
r-patched-linux-x86_64 | 1.3.2 | 2.78 | 35.46 | 38.24 | OK | |
r-release-linux-x86_64 | 1.3.2 | 2.10 | 35.29 | 37.39 | OK | |
r-release-macos-arm64 | 1.3.2 | 20.00 | OK | |||
r-release-windows-x86_64 | 1.3.2 | 5.00 | 46.00 | 51.00 | OK | |
r-oldrel-macos-arm64 | 1.3.2 | 21.00 | OK | |||
r-oldrel-macos-x86_64 | 1.3.2 | 29.00 | OK | |||
r-oldrel-windows-x86_64 | 1.3.2 | 6.00 | 50.00 | 56.00 | OK |
Version: 1.3.2
Check: compiled code
Result: NOTE
File ‘compareC/libs/compareC.so’:
Found no calls to: ‘R_registerRoutines’, ‘R_useDynamicSymbols’
It is good practice to register native routines and to disable symbol
search.
See ‘Writing portable packages’ in the ‘Writing R Extensions’ manual.
Flavors: r-devel-linux-x86_64-fedora-clang, r-devel-linux-x86_64-fedora-gcc