CRAN Package Check Results for Package comparer

Last updated on 2021-08-02 22:54:23 CEST.

Flavor Version Tinstall Tcheck Ttotal Status Flags
r-devel-linux-x86_64-debian-clang 0.2.2 7.25 49.88 57.13 OK
r-devel-linux-x86_64-debian-gcc 0.2.2 4.72 39.21 43.93 OK
r-devel-linux-x86_64-fedora-clang 0.2.2 78.02 NOTE
r-devel-linux-x86_64-fedora-gcc 0.2.2 70.47 NOTE
r-devel-windows-x86_64 0.2.2 9.00 90.00 99.00 OK
r-devel-windows-x86_64-gcc10-UCRT 0.2.2 NOTE
r-patched-linux-x86_64 0.2.2 OK
r-patched-solaris-x86 0.2.2 97.30 NOTE
r-release-linux-x86_64 0.2.2 6.86 47.93 54.79 OK
r-release-macos-arm64 0.2.2 NOTE
r-release-macos-x86_64 0.2.2 NOTE
r-release-windows-ix86+x86_64 0.2.2 11.00 85.00 96.00 OK
r-oldrel-macos-x86_64 0.2.2 NOTE
r-oldrel-windows-ix86+x86_64 0.2.2 10.00 89.00 99.00 OK

Check Details

Version: 0.2.2
Check: dependencies in R code
Result: NOTE
    Namespace in Imports field not imported from: ‘R6’
     All declared Imports should be used.
Flavors: r-devel-linux-x86_64-fedora-clang, r-devel-linux-x86_64-fedora-gcc, r-devel-windows-x86_64-gcc10-UCRT, r-patched-solaris-x86, r-release-macos-arm64, r-release-macos-x86_64, r-oldrel-macos-x86_64