CRAN Package Check Results for Package compas

Last updated on 2021-07-31 22:53:24 CEST.

Flavor Version Tinstall Tcheck Ttotal Status Flags
r-devel-linux-x86_64-debian-clang 0.1 98.44 29.60 128.04 OK
r-devel-linux-x86_64-debian-gcc 0.1 72.57 26.21 98.78 OK
r-devel-linux-x86_64-fedora-clang 0.1 187.60 NOTE
r-devel-linux-x86_64-fedora-gcc 0.1 165.38 OK
r-devel-windows-x86_64 0.1 80.00 60.00 140.00 OK
r-devel-windows-x86_64-gcc10-UCRT 0.1 OK
r-patched-linux-x86_64 0.1 OK
r-patched-solaris-x86 0.1 167.80 OK
r-release-linux-x86_64 0.1 80.74 32.26 113.00 OK
r-release-macos-arm64 0.1 NOTE
r-release-macos-x86_64 0.1 NOTE
r-release-windows-ix86+x86_64 0.1 204.00 60.00 264.00 OK
r-oldrel-macos-x86_64 0.1 NOTE
r-oldrel-windows-ix86+x86_64 0.1 154.00 76.00 230.00 OK

Check Details

Version: 0.1
Check: installed package size
Result: NOTE
     installed size is 27.7Mb
     sub-directories of 1Mb or more:
     R 1.5Mb
     libs 26.0Mb
Flavors: r-devel-linux-x86_64-fedora-clang, r-release-macos-arm64, r-release-macos-x86_64, r-oldrel-macos-x86_64