Last updated on 2024-04-18 22:52:35 CEST.
Flavor | Version | Tinstall | Tcheck | Ttotal | Status | Flags |
---|---|---|---|---|---|---|
r-devel-linux-x86_64-debian-clang | 0.1.1 | 105.03 | 30.11 | 135.14 | NOTE | |
r-devel-linux-x86_64-debian-gcc | 0.1.1 | 95.21 | 29.41 | 124.62 | NOTE | |
r-devel-linux-x86_64-fedora-clang | 0.1.1 | 201.01 | NOTE | |||
r-devel-linux-x86_64-fedora-gcc | 0.1.1 | 235.09 | NOTE | |||
r-prerel-macos-arm64 | 0.1.1 | 43.00 | NOTE | |||
r-prerel-windows-x86_64 | 0.1.1 | 82.00 | 66.00 | 148.00 | NOTE | |
r-patched-linux-x86_64 | 0.1.1 | 103.39 | 36.84 | 140.23 | NOTE | |
r-release-linux-x86_64 | 0.1.1 | 108.08 | 36.52 | 144.60 | OK | |
r-release-macos-arm64 | 0.1.1 | 55.00 | NOTE | |||
r-release-macos-x86_64 | 0.1.1 | 83.00 | NOTE | |||
r-release-windows-x86_64 | 0.1.1 | 101.00 | 75.00 | 176.00 | OK | |
r-oldrel-macos-arm64 | 0.1.1 | 52.00 | NOTE | |||
r-oldrel-windows-x86_64 | 0.1.1 | 99.00 | 72.00 | 171.00 | OK |
Version: 0.1.1
Check: Rd files
Result: NOTE
checkRd: (-1) atomdeps.Rd:9: Lost braces
9 | \item{"tangle"}: {Dihedral angle defined by atoms A-B-C-D as described below. \code{NA}'s represent the free side chain dihedral angles \emph{chi} for that amino acid.}
| ^
checkRd: (-1) atomdeps.Rd:10: Lost braces; missing escapes or markup?
10 | \item{"names"}: {The component atoms of the amino acid side chain. Represents atom D in the dihedral.}
| ^
checkRd: (-1) atomdeps.Rd:11: Lost braces; missing escapes or markup?
11 | \item{"matx"}: {The names of atoms A,B,C in the dihedral, with rows corresponding to the atoms in "names".}
| ^
checkRd: (-1) atomdeps.Rd:12: Lost braces; missing escapes or markup?
12 | \item{"bangle"}: {Planar bond angle formed between B-C-D}
| ^
checkRd: (-1) atomdeps.Rd:13: Lost braces; missing escapes or markup?
13 | \item{"blength"}: {Bond length between C-D}
| ^
Flavors: r-devel-linux-x86_64-debian-clang, r-devel-linux-x86_64-debian-gcc, r-devel-linux-x86_64-fedora-clang, r-devel-linux-x86_64-fedora-gcc, r-prerel-macos-arm64, r-prerel-windows-x86_64, r-patched-linux-x86_64
Version: 0.1.1
Check: installed package size
Result: NOTE
installed size is 34.8Mb
sub-directories of 1Mb or more:
R 1.5Mb
libs 33.2Mb
Flavors: r-prerel-macos-arm64, r-release-macos-arm64, r-release-macos-x86_64, r-oldrel-macos-arm64