CRAN Package Check Results for Package comprehenr

Last updated on 2024-04-18 22:52:35 CEST.

Flavor Version Tinstall Tcheck Ttotal Status Flags
r-devel-linux-x86_64-debian-clang 0.6.10 1.49 27.34 28.83 NOTE
r-devel-linux-x86_64-debian-gcc 0.6.10 1.68 21.20 22.88 NOTE
r-devel-linux-x86_64-fedora-clang 0.6.10 39.43 NOTE
r-devel-linux-x86_64-fedora-gcc 0.6.10 53.89 NOTE
r-prerel-macos-arm64 0.6.10 22.00 NOTE
r-prerel-windows-x86_64 0.6.10 2.00 44.00 46.00 NOTE
r-patched-linux-x86_64 0.6.10 2.38 27.14 29.52 NOTE
r-release-linux-x86_64 0.6.10 2.02 25.24 27.26 NOTE
r-release-macos-arm64 0.6.10 23.00 NOTE
r-release-macos-x86_64 0.6.10 29.00 NOTE
r-release-windows-x86_64 0.6.10 3.00 43.00 46.00 NOTE
r-oldrel-macos-arm64 0.6.10 17.00 NOTE
r-oldrel-windows-x86_64 0.6.10 4.00 45.00 49.00 NOTE

Check Details

Version: 0.6.10
Check: LazyData
Result: NOTE 'LazyData' is specified without a 'data' directory Flavors: r-devel-linux-x86_64-debian-clang, r-devel-linux-x86_64-debian-gcc, r-devel-linux-x86_64-fedora-clang, r-devel-linux-x86_64-fedora-gcc, r-prerel-macos-arm64, r-prerel-windows-x86_64, r-patched-linux-x86_64, r-release-linux-x86_64, r-release-macos-arm64, r-release-macos-x86_64, r-release-windows-x86_64, r-oldrel-macos-arm64, r-oldrel-windows-x86_64