CRAN Package Check Results for Package con2lki

Last updated on 2024-03-01 22:53:33 CET.

Flavor Version Tinstall Tcheck Ttotal Status Flags
r-devel-linux-x86_64-debian-clang 0.1.0 1.26 22.15 23.41 NOTE
r-devel-linux-x86_64-debian-gcc 0.1.0 1.56 17.54 19.10 NOTE
r-devel-linux-x86_64-fedora-clang 0.1.0 30.73 NOTE
r-devel-linux-x86_64-fedora-gcc 0.1.0 28.96 NOTE
r-devel-windows-x86_64 0.1.0 2.00 39.00 41.00 NOTE
r-patched-linux-x86_64 0.1.0 2.06 22.14 24.20 NOTE
r-release-linux-x86_64 0.1.0 1.36 21.97 23.33 NOTE
r-release-macos-arm64 0.1.0 16.00 NOTE
r-release-macos-x86_64 0.1.0 19.00 NOTE
r-release-windows-x86_64 0.1.0 2.00 39.00 41.00 NOTE
r-oldrel-macos-arm64 0.1.0 15.00 NOTE
r-oldrel-windows-x86_64 0.1.0 3.00 45.00 48.00 NOTE

Check Details

Version: 0.1.0
Check: LazyData
Result: NOTE 'LazyData' is specified without a 'data' directory Flavors: r-devel-linux-x86_64-debian-clang, r-devel-linux-x86_64-debian-gcc, r-devel-linux-x86_64-fedora-clang, r-devel-linux-x86_64-fedora-gcc, r-devel-windows-x86_64, r-patched-linux-x86_64, r-release-linux-x86_64, r-release-macos-arm64, r-release-macos-x86_64, r-release-windows-x86_64, r-oldrel-macos-arm64, r-oldrel-windows-x86_64