CRAN Package Check Results for Package condir

Last updated on 2021-12-01 22:53:07 CET.

Flavor Version Tinstall Tcheck Ttotal Status Flags
r-devel-linux-x86_64-debian-clang 0.1.3 3.03 36.90 39.93 NOTE
r-devel-linux-x86_64-debian-gcc 0.1.3 2.14 28.90 31.04 NOTE
r-devel-linux-x86_64-fedora-clang 0.1.3 59.70 NOTE
r-devel-linux-x86_64-fedora-gcc 0.1.3 48.04 NOTE
r-devel-windows-x86_64-new-UL 0.1.3 9.00 79.00 88.00 NOTE
r-devel-windows-x86_64-new-TK 0.1.3 NOTE
r-devel-windows-x86_64-old 0.1.3 5.00 47.00 52.00 NOTE
r-patched-linux-x86_64 0.1.3 3.08 35.49 38.57 NOTE
r-patched-solaris-x86 0.1.3 63.90 NOTE
r-release-linux-x86_64 0.1.3 2.96 35.11 38.07 NOTE
r-release-macos-arm64 0.1.3 NOTE
r-release-macos-x86_64 0.1.3 NOTE
r-release-windows-ix86+x86_64 0.1.3 7.00 56.00 63.00 NOTE
r-oldrel-macos-x86_64 0.1.3 OK
r-oldrel-windows-ix86+x86_64 0.1.3 7.00 57.00 64.00 OK

Check Details

Version: 0.1.3
Check: LazyData
Result: NOTE
     'LazyData' is specified without a 'data' directory
Flavors: r-devel-linux-x86_64-debian-clang, r-devel-linux-x86_64-debian-gcc, r-devel-linux-x86_64-fedora-clang, r-devel-linux-x86_64-fedora-gcc, r-devel-windows-x86_64-new-UL, r-devel-windows-x86_64-new-TK, r-devel-windows-x86_64-old, r-patched-linux-x86_64, r-patched-solaris-x86, r-release-linux-x86_64, r-release-macos-arm64, r-release-macos-x86_64, r-release-windows-ix86+x86_64