CRAN Package Check Results for Package condvis2

Last updated on 2021-05-13 22:50:55 CEST.

Flavor Version Tinstall Tcheck Ttotal Status Flags
r-devel-linux-x86_64-debian-clang 0.1.1 10.42 134.80 145.22 NOTE
r-devel-linux-x86_64-debian-gcc 0.1.1 7.98 98.73 106.71 NOTE
r-devel-linux-x86_64-fedora-clang 0.1.1 181.34 NOTE
r-devel-linux-x86_64-fedora-gcc 0.1.1 166.05 NOTE
r-devel-windows-ix86+x86_64 0.1.1 24.00 120.00 144.00 NOTE
r-devel-windows-x86_64-gcc10-UCRT 0.1.1 NOTE
r-patched-linux-x86_64 0.1.1 8.22 127.16 135.38 NOTE
r-patched-solaris-x86 0.1.1 223.30 NOTE
r-release-linux-x86_64 0.1.1 8.84 127.06 135.90 OK
r-release-macos-x86_64 0.1.1 OK
r-release-windows-ix86+x86_64 0.1.1 16.00 155.00 171.00 OK
r-oldrel-macos-x86_64 0.1.1 OK
r-oldrel-windows-ix86+x86_64 0.1.1 18.00 146.00 164.00 OK

Check Details

Version: 0.1.1
Check: LazyData
Result: NOTE
     'LazyData' is specified without a 'data' directory
Flavors: r-devel-linux-x86_64-debian-clang, r-devel-linux-x86_64-debian-gcc, r-devel-linux-x86_64-fedora-clang, r-devel-linux-x86_64-fedora-gcc, r-devel-windows-ix86+x86_64, r-devel-windows-x86_64-gcc10-UCRT, r-patched-linux-x86_64, r-patched-solaris-x86