CRAN Package Check Results for Package confSAM

Last updated on 2021-11-29 22:59:08 CET.

Flavor Version Tinstall Tcheck Ttotal Status Flags
r-devel-linux-x86_64-debian-clang 0.2 2.08 95.89 97.97 NOTE
r-devel-linux-x86_64-debian-gcc 0.2 1.63 70.50 72.13 NOTE
r-devel-linux-x86_64-fedora-clang 0.2 124.48 NOTE
r-devel-linux-x86_64-fedora-gcc 0.2 113.47 NOTE
r-devel-windows-x86_64-new-UL 0.2 6.00 155.00 161.00 NOTE
r-devel-windows-x86_64-new-TK 0.2 NOTE
r-devel-windows-x86_64-old 0.2 4.00 102.00 106.00 NOTE
r-patched-linux-x86_64 0.2 2.12 23.17 25.29 NOTE
r-patched-solaris-x86 0.2 49.20 NOTE
r-release-linux-x86_64 0.2 1.95 23.43 25.38 NOTE
r-release-macos-arm64 0.2 NOTE
r-release-macos-x86_64 0.2 NOTE
r-release-windows-ix86+x86_64 0.2 5.00 38.00 43.00 NOTE
r-oldrel-macos-x86_64 0.2 OK
r-oldrel-windows-ix86+x86_64 0.2 4.00 35.00 39.00 OK

Check Details

Version: 0.2
Check: LazyData
Result: NOTE
     'LazyData' is specified without a 'data' directory
Flavors: r-devel-linux-x86_64-debian-clang, r-devel-linux-x86_64-debian-gcc, r-devel-linux-x86_64-fedora-clang, r-devel-linux-x86_64-fedora-gcc, r-devel-windows-x86_64-new-UL, r-devel-windows-x86_64-new-TK, r-devel-windows-x86_64-old, r-patched-linux-x86_64, r-patched-solaris-x86, r-release-linux-x86_64, r-release-macos-arm64, r-release-macos-x86_64, r-release-windows-ix86+x86_64