CRAN Package Check Results for Package configr

Last updated on 2021-12-03 22:57:36 CET.

Flavor Version Tinstall Tcheck Ttotal Status Flags
r-devel-linux-x86_64-debian-clang 0.3.5 3.97 44.33 48.30 NOTE
r-devel-linux-x86_64-debian-gcc 0.3.5 3.12 35.02 38.14 NOTE
r-devel-linux-x86_64-fedora-clang 0.3.5 69.31 NOTE
r-devel-linux-x86_64-fedora-gcc 0.3.5 57.95 NOTE
r-devel-windows-x86_64-new-UL 0.3.5 11.00 108.00 119.00 NOTE
r-devel-windows-x86_64-new-TK 0.3.5 NOTE
r-devel-windows-x86_64-old 0.3.5 6.00 64.00 70.00 NOTE
r-patched-linux-x86_64 0.3.5 4.65 44.13 48.78 NOTE
r-release-linux-x86_64 0.3.5 3.87 44.30 48.17 NOTE
r-release-macos-arm64 0.3.5 NOTE
r-release-macos-x86_64 0.3.5 NOTE
r-release-windows-ix86+x86_64 0.3.5 10.00 76.00 86.00 NOTE
r-oldrel-macos-x86_64 0.3.5 OK
r-oldrel-windows-ix86+x86_64 0.3.5 10.00 78.00 88.00 OK

Check Details

Version: 0.3.5
Check: LazyData
Result: NOTE
     'LazyData' is specified without a 'data' directory
Flavors: r-devel-linux-x86_64-debian-clang, r-devel-linux-x86_64-debian-gcc, r-devel-linux-x86_64-fedora-clang, r-devel-linux-x86_64-fedora-gcc, r-devel-windows-x86_64-new-UL, r-devel-windows-x86_64-new-TK, r-devel-windows-x86_64-old, r-patched-linux-x86_64, r-release-linux-x86_64, r-release-macos-arm64, r-release-macos-x86_64, r-release-windows-ix86+x86_64