CRAN Package Check Results for Package configural

Last updated on 2019-09-20 22:49:58 CEST.

Flavor Version Tinstall Tcheck Ttotal Status Flags
r-devel-linux-x86_64-debian-clang 0.1.1 5.72 53.26 58.98 OK
r-devel-linux-x86_64-debian-gcc 0.1.1 5.21 39.08 44.29 OK
r-devel-linux-x86_64-fedora-clang 0.1.1 69.81 NOTE
r-devel-linux-x86_64-fedora-gcc 0.1.1 66.86 NOTE
r-devel-windows-ix86+x86_64 0.1.1 24.00 98.00 122.00 OK
r-patched-linux-x86_64 0.1.1 4.82 50.27 55.09 OK
r-patched-solaris-x86 0.1.1 96.30 NOTE
r-release-linux-x86_64 0.1.1 5.40 50.75 56.15 OK
r-release-windows-ix86+x86_64 0.1.1 13.00 72.00 85.00 OK
r-release-osx-x86_64 0.1.1 NOTE
r-oldrel-windows-ix86+x86_64 0.1.1 7.00 73.00 80.00 OK
r-oldrel-osx-x86_64 0.1.1 NOTE

Check Details

Version: 0.1.1
Check: dependencies in R code
Result: NOTE
    Namespace in Imports field not imported from: ‘cli’
     All declared Imports should be used.
Flavors: r-devel-linux-x86_64-fedora-clang, r-devel-linux-x86_64-fedora-gcc, r-patched-solaris-x86, r-release-osx-x86_64, r-oldrel-osx-x86_64