CRAN Package Check Results for Package conformalClassification

Last updated on 2023-09-23 23:00:43 CEST.

Flavor Version Tinstall Tcheck Ttotal Status Flags
r-devel-linux-x86_64-debian-clang 1.0.0 2.16 30.47 32.63 NOTE
r-devel-linux-x86_64-debian-gcc 1.0.0 1.98 23.88 25.86 NOTE
r-devel-linux-x86_64-fedora-clang 1.0.0 41.78 NOTE
r-devel-linux-x86_64-fedora-gcc 1.0.0 42.31 NOTE
r-devel-windows-x86_64 1.0.0 3.00 47.00 50.00 NOTE
r-patched-linux-x86_64 1.0.0 2.78 29.56 32.34 NOTE
r-release-linux-x86_64 1.0.0 2.06 29.84 31.90 NOTE
r-release-macos-arm64 1.0.0 21.00 NOTE
r-release-macos-x86_64 1.0.0 26.00 NOTE
r-release-windows-x86_64 1.0.0 4.00 47.00 51.00 NOTE
r-oldrel-macos-arm64 1.0.0 18.00 NOTE
r-oldrel-macos-x86_64 1.0.0 24.00 NOTE
r-oldrel-windows-x86_64 1.0.0 4.00 50.00 54.00 NOTE

Check Details

Version: 1.0.0
Check: LazyData
Result: NOTE
     'LazyData' is specified without a 'data' directory
Flavors: r-devel-linux-x86_64-debian-clang, r-devel-linux-x86_64-debian-gcc, r-devel-linux-x86_64-fedora-clang, r-devel-linux-x86_64-fedora-gcc, r-devel-windows-x86_64, r-patched-linux-x86_64, r-release-linux-x86_64, r-release-macos-arm64, r-release-macos-x86_64, r-release-windows-x86_64, r-oldrel-macos-arm64, r-oldrel-macos-x86_64, r-oldrel-windows-x86_64