CRAN Package Check Results for Package conformalClassification

Last updated on 2021-10-22 22:56:27 CEST.

Flavor Version Tinstall Tcheck Ttotal Status Flags
r-devel-linux-x86_64-debian-clang 1.0.0 2.60 29.21 31.81 NOTE
r-devel-linux-x86_64-debian-gcc 1.0.0 1.98 22.45 24.43 NOTE
r-devel-linux-x86_64-fedora-clang 1.0.0 50.91 NOTE
r-devel-linux-x86_64-fedora-gcc 1.0.0 40.13 NOTE
r-devel-windows-x86_64 1.0.0 5.00 39.00 44.00 NOTE
r-devel-windows-x86_64-gcc10-UCRT 1.0.0 NOTE
r-patched-linux-x86_64 1.0.0 2.76 28.20 30.96 NOTE
r-patched-solaris-x86 1.0.0 61.40 NOTE
r-release-linux-x86_64 1.0.0 2.46 28.68 31.14 NOTE
r-release-macos-arm64 1.0.0 NOTE
r-release-macos-x86_64 1.0.0 NOTE
r-release-windows-ix86+x86_64 1.0.0 4.00 47.00 51.00 NOTE
r-oldrel-macos-x86_64 1.0.0 OK
r-oldrel-windows-ix86+x86_64 1.0.0 7.00 52.00 59.00 OK

Check Details

Version: 1.0.0
Check: LazyData
Result: NOTE
     'LazyData' is specified without a 'data' directory
Flavors: r-devel-linux-x86_64-debian-clang, r-devel-linux-x86_64-debian-gcc, r-devel-linux-x86_64-fedora-clang, r-devel-linux-x86_64-fedora-gcc, r-devel-windows-x86_64, r-devel-windows-x86_64-gcc10-UCRT, r-patched-linux-x86_64, r-patched-solaris-x86, r-release-linux-x86_64, r-release-macos-arm64, r-release-macos-x86_64, r-release-windows-ix86+x86_64