CRAN Package Check Results for Package conjoint

Last updated on 2021-10-15 22:54:10 CEST.

Flavor Version Tinstall Tcheck Ttotal Status Flags
r-devel-linux-x86_64-debian-clang 1.41 10.92 130.86 141.78 NOTE
r-devel-linux-x86_64-debian-gcc 1.41 8.73 95.86 104.59 NOTE
r-devel-linux-x86_64-fedora-clang 1.41 178.33 NOTE
r-devel-linux-x86_64-fedora-gcc 1.41 159.44 NOTE
r-devel-windows-x86_64 1.41 22.00 124.00 146.00 OK
r-devel-windows-x86_64-gcc10-UCRT 1.41 OK
r-patched-linux-x86_64 1.41 12.40 123.75 136.15 NOTE
r-patched-solaris-x86 1.41 217.40 NOTE
r-release-linux-x86_64 1.41 11.47 122.40 133.87 NOTE
r-release-macos-arm64 1.41 OK
r-release-macos-x86_64 1.41 OK
r-release-windows-ix86+x86_64 1.41 25.00 169.00 194.00 OK
r-oldrel-macos-x86_64 1.41 OK
r-oldrel-windows-ix86+x86_64 1.41 26.00 175.00 201.00 OK

Check Details

Version: 1.41
Check: for non-standard things in the check directory
Result: NOTE
    Found the following files/directories:
     'design_names.csv' 'design_numbers.csv'
     'encoded_orthogonal_factorial_design.csv'
     'orthogonal_factorial_design.csv'
Flavors: r-devel-linux-x86_64-debian-clang, r-devel-linux-x86_64-debian-gcc, r-devel-linux-x86_64-fedora-clang, r-devel-linux-x86_64-fedora-gcc, r-patched-linux-x86_64, r-patched-solaris-x86, r-release-linux-x86_64