Last updated on 2023-10-02 22:07:55 CEST.
Flavor | Version | Tinstall | Tcheck | Ttotal | Status | Flags |
---|---|---|---|---|---|---|
r-devel-linux-x86_64-debian-clang | 0.1.7 | 265.71 | 91.70 | 357.41 | NOTE | |
r-devel-linux-x86_64-debian-gcc | 0.1.7 | 173.73 | 68.52 | 242.25 | NOTE | |
r-devel-linux-x86_64-fedora-clang | 0.1.7 | 502.04 | NOTE | |||
r-devel-linux-x86_64-fedora-gcc | 0.1.7 | 503.35 | NOTE | |||
r-devel-windows-x86_64 | 0.1.7 | 176.00 | 107.00 | 283.00 | NOTE | |
r-patched-linux-x86_64 | 0.1.7 | 260.30 | 85.59 | 345.89 | NOTE | |
r-release-linux-x86_64 | 0.1.7 | 252.55 | 87.01 | 339.56 | NOTE | |
r-release-macos-arm64 | 0.1.7 | 130.00 | NOTE | |||
r-release-macos-x86_64 | 0.1.7 | 198.00 | NOTE | |||
r-release-windows-x86_64 | 0.1.7 | 240.00 | 122.00 | 362.00 | NOTE | |
r-oldrel-macos-arm64 | 0.1.7 | 101.00 | NOTE | |||
r-oldrel-macos-x86_64 | 0.1.7 | 173.00 | NOTE | |||
r-oldrel-windows-x86_64 | 0.1.7 | 221.00 | 121.00 | 342.00 | OK |
Version: 0.1.7
Check: C++ specification
Result: NOTE
Specified C++11: please drop specification unless essential
Flavors: r-devel-linux-x86_64-debian-clang, r-devel-linux-x86_64-debian-gcc, r-devel-linux-x86_64-fedora-clang, r-devel-linux-x86_64-fedora-gcc, r-devel-windows-x86_64, r-patched-linux-x86_64, r-release-linux-x86_64, r-release-macos-arm64, r-release-macos-x86_64, r-release-windows-x86_64
Version: 0.1.7
Check: dependencies in R code
Result: NOTE
Namespaces in Imports field not imported from:
‘base’ ‘lwgeom’ ‘s2’
All declared Imports should be used.
Flavors: r-devel-linux-x86_64-fedora-clang, r-devel-linux-x86_64-fedora-gcc, r-oldrel-macos-arm64, r-oldrel-macos-x86_64
Version: 0.1.7
Check: installed package size
Result: NOTE
installed size is 11.4Mb
sub-directories of 1Mb or more:
libs 11.0Mb
Flavors: r-release-macos-arm64, r-release-macos-x86_64, r-oldrel-macos-arm64, r-oldrel-macos-x86_64