Last updated on 2024-04-16 22:55:22 CEST.
Flavor | Version | Tinstall | Tcheck | Ttotal | Status | Flags |
---|---|---|---|---|---|---|
r-devel-linux-x86_64-debian-clang | 0.2.1 | 5.73 | 51.29 | 57.02 | OK | |
r-devel-linux-x86_64-debian-gcc | 0.2.1 | 4.18 | 38.90 | 43.08 | OK | |
r-devel-linux-x86_64-fedora-clang | 0.2.1 | 75.13 | NOTE | |||
r-devel-linux-x86_64-fedora-gcc | 0.2.1 | 91.45 | OK | |||
r-prerel-macos-arm64 | 0.2.1 | 31.00 | OK | |||
r-prerel-windows-x86_64 | 0.2.1 | 8.00 | 63.00 | 71.00 | OK | |
r-patched-linux-x86_64 | 0.2.1 | 5.69 | 48.70 | 54.39 | OK | |
r-release-linux-x86_64 | 0.2.1 | 5.67 | 48.19 | 53.86 | OK | |
r-release-macos-arm64 | 0.2.1 | 30.00 | OK | |||
r-release-macos-x86_64 | 0.2.1 | 87.00 | OK | |||
r-release-windows-x86_64 | 0.2.1 | 8.00 | 68.00 | 76.00 | OK | |
r-oldrel-macos-arm64 | 0.2.1 | 31.00 | OK | |||
r-oldrel-windows-x86_64 | 0.2.1 | 8.00 | 68.00 | 76.00 | OK |
Version: 0.2.1
Check: installed package size
Result: NOTE
installed size is 5.0Mb
sub-directories of 1Mb or more:
htmlwidgets 3.9Mb
Flavor: r-devel-linux-x86_64-fedora-clang