Last updated on 2024-03-28 23:01:41 CET.
Flavor | Version | Tinstall | Tcheck | Ttotal | Status | Flags |
---|---|---|---|---|---|---|
r-devel-linux-x86_64-debian-clang | 1.3.3 | 232.92 | 83.78 | 316.70 | OK | |
r-devel-linux-x86_64-debian-gcc | 1.3.3 | 174.77 | 64.75 | 239.52 | OK | |
r-devel-linux-x86_64-fedora-clang | 1.3.3 | 418.28 | OK | |||
r-devel-linux-x86_64-fedora-gcc | 1.3.3 | 450.60 | OK | |||
r-devel-windows-x86_64 | 1.3.3 | 156.00 | 103.00 | 259.00 | OK | |
r-patched-linux-x86_64 | 1.3.3 | 213.59 | 82.73 | 296.32 | OK | |
r-release-linux-x86_64 | 1.3.3 | 200.12 | 86.69 | 286.81 | OK | |
r-release-macos-arm64 | 1.3.3 | 113.00 | NOTE | |||
r-release-macos-x86_64 | 1.3.3 | 203.00 | NOTE | |||
r-release-windows-x86_64 | 1.3.3 | 193.00 | 128.00 | 321.00 | OK | |
r-oldrel-macos-arm64 | 1.3.3 | 118.00 | NOTE | |||
r-oldrel-windows-x86_64 | 1.3.3 | 187.00 | 123.00 | 310.00 | OK |
Version: 1.3.3
Check: installed package size
Result: NOTE
installed size is 20.1Mb
sub-directories of 1Mb or more:
libs 19.9Mb
Flavors: r-release-macos-arm64, r-release-macos-x86_64, r-oldrel-macos-arm64