CRAN Package Check Results for Package conserveR

Last updated on 2021-12-01 22:53:07 CET.

Flavor Version Tinstall Tcheck Ttotal Status Flags
r-devel-linux-x86_64-debian-clang 1.0.4 6.96 58.83 65.79 OK
r-devel-linux-x86_64-debian-gcc 1.0.4 4.30 43.26 47.56 OK
r-devel-linux-x86_64-fedora-clang 1.0.4 86.33 NOTE
r-devel-linux-x86_64-fedora-gcc 1.0.4 74.65 NOTE
r-devel-windows-x86_64-new-UL 1.0.4 15.00 96.00 111.00 OK
r-devel-windows-x86_64-new-TK 1.0.4 NOTE
r-devel-windows-x86_64-old 1.0.4 12.00 63.00 75.00 OK
r-patched-linux-x86_64 1.0.4 4.83 53.77 58.60 OK
r-patched-solaris-x86 1.0.4 105.30 NOTE
r-release-linux-x86_64 1.0.4 5.03 54.25 59.28 OK
r-release-macos-arm64 1.0.4 NOTE
r-release-macos-x86_64 1.0.4 NOTE
r-release-windows-ix86+x86_64 1.0.4 15.00 78.00 93.00 OK
r-oldrel-macos-x86_64 1.0.4 NOTE
r-oldrel-windows-ix86+x86_64 1.0.4 16.00 80.00 96.00 OK

Check Details

Version: 1.0.4
Check: dependencies in R code
Result: NOTE
    Namespaces in Imports field not imported from:
     ‘scales’ ‘sna’
     All declared Imports should be used.
Flavors: r-devel-linux-x86_64-fedora-clang, r-devel-linux-x86_64-fedora-gcc, r-devel-windows-x86_64-new-TK, r-patched-solaris-x86, r-release-macos-arm64, r-release-macos-x86_64, r-oldrel-macos-x86_64

Version: 1.0.4
Check: data for non-ASCII characters
Result: NOTE
     Note: found 244 marked UTF-8 strings
Flavors: r-devel-linux-x86_64-fedora-clang, r-devel-linux-x86_64-fedora-gcc, r-devel-windows-x86_64-new-TK, r-patched-solaris-x86, r-release-macos-arm64, r-release-macos-x86_64, r-oldrel-macos-x86_64