CRAN Package Check Results for Package contextual

Last updated on 2021-06-11 22:54:05 CEST.

Flavor Version Tinstall Tcheck Ttotal Status Flags
r-devel-linux-x86_64-debian-clang 0.9.8.4 36.00 163.27 199.27 NOTE
r-devel-linux-x86_64-debian-gcc 0.9.8.4 29.71 115.03 144.74 NOTE
r-devel-linux-x86_64-fedora-clang 0.9.8.4 236.21 NOTE
r-devel-linux-x86_64-fedora-gcc 0.9.8.4 222.36 NOTE
r-devel-windows-x86_64 0.9.8.4 57.00 179.00 236.00 NOTE
r-devel-windows-x86_64-gcc10-UCRT 0.9.8.4 NOTE
r-patched-linux-x86_64 0.9.8.4 36.04 142.89 178.93 NOTE
r-patched-solaris-x86 0.9.8.4 271.20 NOTE
r-release-linux-x86_64 0.9.8.4 32.12 143.28 175.40 NOTE
r-release-macos-arm64 0.9.8.4 ERROR
r-release-macos-x86_64 0.9.8.4 NOTE
r-release-windows-ix86+x86_64 0.9.8.4 47.00 181.00 228.00 NOTE
r-oldrel-macos-x86_64 0.9.8.4 OK
r-oldrel-windows-ix86+x86_64 0.9.8.4 43.00 204.00 247.00 OK

Check Details

Version: 0.9.8.4
Check: LazyData
Result: NOTE
     'LazyData' is specified without a 'data' directory
Flavors: r-devel-linux-x86_64-debian-clang, r-devel-linux-x86_64-debian-gcc, r-devel-linux-x86_64-fedora-clang, r-devel-linux-x86_64-fedora-gcc, r-devel-windows-x86_64, r-devel-windows-x86_64-gcc10-UCRT, r-patched-linux-x86_64, r-patched-solaris-x86, r-release-linux-x86_64, r-release-macos-arm64, r-release-macos-x86_64, r-release-windows-ix86+x86_64

Version: 0.9.8.4
Check: tests
Result: ERROR
     Running ‘testthat.R’ [14s/16s]
    Running the tests in ‘tests/testthat.R’ failed.
    Last 13 lines of output:
     >
     > test_check("contextual")
     ══ Skipped tests ═══════════════════════════════════════════════════════════════
     • On CRAN (1)
    
     ══ Failed tests ════════════════════════════════════════════════════════════════
     ── Failure (test_utility_functions.R:35:3): Formatted difftime ─────────────────
     `ft` not equal to "396 days, 1:04:05".
     1/1 mismatches
     x[1]: "396 days, 0:04:05"
     y[1]: "396 days, 1:04:05"
    
     [ FAIL 1 | WARN 0 | SKIP 1 | PASS 135 ]
     Error: Test failures
     Execution halted
Flavor: r-release-macos-arm64