CRAN Package Check Results for Package contingency

Last updated on 2021-11-29 22:59:08 CET.

Flavor Version Tinstall Tcheck Ttotal Status Flags
r-devel-linux-x86_64-debian-clang 0.0.6 3.04 29.29 32.33 NOTE
r-devel-linux-x86_64-debian-gcc 0.0.6 2.55 23.18 25.73 NOTE
r-devel-linux-x86_64-fedora-clang 0.0.6 50.82 NOTE
r-devel-linux-x86_64-fedora-gcc 0.0.6 39.79 NOTE
r-devel-windows-x86_64-new-UL 0.0.6 9.00 73.00 82.00 NOTE
r-devel-windows-x86_64-new-TK 0.0.6 NOTE
r-devel-windows-x86_64-old 0.0.6 5.00 37.00 42.00 NOTE
r-patched-linux-x86_64 0.0.6 2.72 28.26 30.98 NOTE
r-patched-solaris-x86 0.0.6 58.10 NOTE
r-release-linux-x86_64 0.0.6 2.79 28.35 31.14 NOTE
r-release-macos-arm64 0.0.6 NOTE
r-release-macos-x86_64 0.0.6 NOTE
r-release-windows-ix86+x86_64 0.0.6 6.00 34.00 40.00 NOTE
r-oldrel-macos-x86_64 0.0.6 OK
r-oldrel-windows-ix86+x86_64 0.0.6 5.00 41.00 46.00 OK

Check Details

Version: 0.0.6
Check: LazyData
Result: NOTE
     'LazyData' is specified without a 'data' directory
Flavors: r-devel-linux-x86_64-debian-clang, r-devel-linux-x86_64-debian-gcc, r-devel-linux-x86_64-fedora-clang, r-devel-linux-x86_64-fedora-gcc, r-devel-windows-x86_64-new-UL, r-devel-windows-x86_64-new-TK, r-devel-windows-x86_64-old, r-patched-linux-x86_64, r-patched-solaris-x86, r-release-linux-x86_64, r-release-macos-arm64, r-release-macos-x86_64, r-release-windows-ix86+x86_64