CRAN Package Check Results for Package contribution

Last updated on 2021-09-18 23:49:49 CEST.

Flavor Version Tinstall Tcheck Ttotal Status Flags
r-devel-linux-x86_64-debian-clang 0.2.0 4.59 49.79 54.38 OK
r-devel-linux-x86_64-debian-gcc 0.2.0 3.88 37.08 40.96 OK
r-devel-linux-x86_64-fedora-clang 0.2.0 74.74 NOTE
r-devel-linux-x86_64-fedora-gcc 0.2.0 61.08 NOTE
r-devel-windows-x86_64 0.2.0 7.00 72.00 79.00 OK
r-devel-windows-x86_64-gcc10-UCRT 0.2.0 NOTE
r-patched-linux-x86_64 0.2.0 5.61 45.51 51.12 OK
r-patched-solaris-x86 0.2.0 89.10 NOTE
r-release-linux-x86_64 0.2.0 3.16 45.25 48.41 OK
r-release-macos-arm64 0.2.0 NOTE
r-release-macos-x86_64 0.2.0 NOTE
r-release-windows-ix86+x86_64 0.2.0 13.00 51.00 64.00 OK
r-oldrel-macos-x86_64 0.2.0 NOTE
r-oldrel-windows-ix86+x86_64 0.2.0 14.00 71.00 85.00 OK

Check Details

Version: 0.2.0
Check: data for non-ASCII characters
Result: NOTE
     Note: found 3 marked UTF-8 strings
Flavors: r-devel-linux-x86_64-fedora-clang, r-devel-linux-x86_64-fedora-gcc, r-devel-windows-x86_64-gcc10-UCRT, r-patched-solaris-x86, r-release-macos-arm64, r-release-macos-x86_64, r-oldrel-macos-x86_64