Last updated on 2023-09-26 23:04:09 CEST.
Flavor | Version | Tinstall | Tcheck | Ttotal | Status | Flags |
---|---|---|---|---|---|---|
r-devel-linux-x86_64-debian-clang | 0.1.3 | 28.10 | 239.10 | 267.20 | OK | |
r-devel-linux-x86_64-debian-gcc | 0.1.3 | 22.91 | 176.44 | 199.35 | OK | |
r-devel-linux-x86_64-fedora-clang | 0.1.3 | 316.59 | OK | |||
r-devel-linux-x86_64-fedora-gcc | 0.1.3 | 331.66 | OK | |||
r-devel-windows-x86_64 | 0.1.3 | 24.00 | 166.00 | 190.00 | OK | |
r-patched-linux-x86_64 | 0.1.3 | 17.14 | 223.25 | 240.39 | OK | |
r-release-linux-x86_64 | 0.1.3 | 17.43 | 228.15 | 245.58 | OK | |
r-release-macos-arm64 | 0.1.3 | 7.00 | ERROR | |||
r-release-macos-x86_64 | 0.1.3 | 6.00 | ERROR | |||
r-release-windows-x86_64 | 0.1.3 | 31.00 | 206.00 | 237.00 | OK | |
r-oldrel-macos-arm64 | 0.1.3 | 75.00 | OK | |||
r-oldrel-macos-x86_64 | 0.1.3 | 109.00 | OK | |||
r-oldrel-windows-x86_64 | 0.1.3 | 28.00 | 204.00 | 232.00 | OK |
Version: 0.1.3
Check: package dependencies
Result: ERROR
Package required but not available: ‘org.Mm.eg.db’
See section ‘The DESCRIPTION file’ in the ‘Writing R Extensions’
manual.
Flavors: r-release-macos-arm64, r-release-macos-x86_64