Last updated on 2024-04-17 22:59:48 CEST.
Flavor | Version | Tinstall | Tcheck | Ttotal | Status | Flags |
---|---|---|---|---|---|---|
r-devel-linux-x86_64-debian-clang | 0.1.8 | 27.40 | 235.59 | 262.99 | OK | |
r-devel-linux-x86_64-debian-gcc | 0.1.8 | 23.48 | 170.76 | 194.24 | OK | |
r-devel-linux-x86_64-fedora-clang | 0.1.8 | 323.93 | OK | |||
r-devel-linux-x86_64-fedora-gcc | 0.1.8 | 310.27 | OK | |||
r-prerel-macos-arm64 | 0.1.8 | 5.00 | ERROR | |||
r-prerel-macos-x86_64 | 0.1.8 | 166.00 | OK | |||
r-prerel-windows-x86_64 | 0.1.8 | 23.00 | 162.00 | 185.00 | OK | |
r-patched-linux-x86_64 | 0.1.8 | 15.90 | 224.40 | 240.30 | OK | |
r-release-linux-x86_64 | 0.1.8 | 19.17 | 238.51 | 257.68 | OK | |
r-release-macos-arm64 | 0.1.8 | 88.00 | OK | |||
r-release-macos-x86_64 | 0.1.8 | 6.00 | ERROR | |||
r-release-windows-x86_64 | 0.1.8 | 30.00 | 205.00 | 235.00 | OK | |
r-oldrel-macos-arm64 | 0.1.8 | 82.00 | OK | |||
r-oldrel-windows-x86_64 | 0.1.8 | 30.00 | 214.00 | 244.00 | OK |
Version: 0.1.8
Check: package dependencies
Result: ERROR
Package required but not available: ‘org.Mm.eg.db’
See section ‘The DESCRIPTION file’ in the ‘Writing R Extensions’
manual.
Flavors: r-prerel-macos-arm64, r-release-macos-x86_64