CRAN Package Check Results for Package convertr

Last updated on 2024-07-18 22:49:51 CEST.

Flavor Version Tinstall Tcheck Ttotal Status Flags
r-devel-linux-x86_64-debian-clang 0.1 2.14 25.38 27.52 NOTE
r-devel-linux-x86_64-debian-gcc 0.1 1.84 19.22 21.06 NOTE
r-devel-linux-x86_64-fedora-clang 0.1 34.44 NOTE
r-devel-linux-x86_64-fedora-gcc 0.1 32.76 NOTE
r-devel-windows-x86_64 0.1 4.00 43.00 47.00 NOTE
r-patched-linux-x86_64 0.1 2.38 23.67 26.05 NOTE
r-release-linux-x86_64 0.1 2.45 23.72 26.17 NOTE
r-release-macos-arm64 0.1 16.00 NOTE
r-release-macos-x86_64 0.1 26.00 NOTE
r-release-windows-x86_64 0.1 4.00 42.00 46.00 NOTE
r-oldrel-macos-arm64 0.1 20.00 NOTE
r-oldrel-macos-x86_64 0.1 23.00 NOTE
r-oldrel-windows-x86_64 0.1 4.00 42.00 46.00 NOTE

Check Details

Version: 0.1
Check: LazyData
Result: NOTE 'LazyData' is specified without a 'data' directory Flavors: r-devel-linux-x86_64-debian-clang, r-devel-linux-x86_64-debian-gcc, r-devel-linux-x86_64-fedora-clang, r-devel-linux-x86_64-fedora-gcc, r-devel-windows-x86_64, r-patched-linux-x86_64, r-release-linux-x86_64, r-release-macos-arm64, r-release-macos-x86_64, r-release-windows-x86_64, r-oldrel-macos-arm64, r-oldrel-macos-x86_64, r-oldrel-windows-x86_64