CRAN Package Check Results for Package convevol

Last updated on 2021-06-19 22:56:24 CEST.

Flavor Version Tinstall Tcheck Ttotal Status Flags
r-devel-linux-x86_64-debian-clang 1.3 10.02 91.46 101.48 NOTE
r-devel-linux-x86_64-debian-gcc 1.3 7.69 69.64 77.33 NOTE
r-devel-linux-x86_64-fedora-clang 1.3 128.84 NOTE
r-devel-linux-x86_64-fedora-gcc 1.3 118.95 NOTE
r-devel-windows-x86_64 1.3 16.00 91.00 107.00 NOTE
r-devel-windows-x86_64-gcc10-UCRT 1.3 NOTE
r-patched-linux-x86_64 1.3 10.22 86.55 96.77 NOTE
r-patched-solaris-x86 1.3 184.80 NOTE
r-release-linux-x86_64 1.3 7.54 86.71 94.25 NOTE
r-release-macos-arm64 1.3 NOTE
r-release-macos-x86_64 1.3 NOTE
r-release-windows-ix86+x86_64 1.3 23.00 111.00 134.00 NOTE
r-oldrel-macos-x86_64 1.3 OK
r-oldrel-windows-ix86+x86_64 1.3 16.00 112.00 128.00 OK

Check Details

Version: 1.3
Check: LazyData
Result: NOTE
     'LazyData' is specified without a 'data' directory
Flavors: r-devel-linux-x86_64-debian-clang, r-devel-linux-x86_64-debian-gcc, r-devel-linux-x86_64-fedora-clang, r-devel-linux-x86_64-fedora-gcc, r-devel-windows-x86_64, r-devel-windows-x86_64-gcc10-UCRT, r-patched-linux-x86_64, r-patched-solaris-x86, r-release-linux-x86_64, r-release-macos-arm64, r-release-macos-x86_64, r-release-windows-ix86+x86_64