CRAN Package Check Results for Package copulaedas

Last updated on 2024-02-24 21:40:16 CET.

Flavor Version Tinstall Tcheck Ttotal Status Flags
r-devel-linux-x86_64-debian-clang 1.4.3 13.24 106.87 120.11 NOTE
r-devel-linux-x86_64-debian-gcc 1.4.3 9.62 81.31 90.93 NOTE
r-devel-linux-x86_64-fedora-clang 1.4.3 146.72 NOTE
r-devel-linux-x86_64-fedora-gcc 1.4.3 144.27 NOTE
r-devel-windows-x86_64 1.4.3 11.00 101.00 112.00 NOTE
r-patched-linux-x86_64 1.4.3 15.39 106.71 122.10 NOTE
r-release-linux-x86_64 1.4.3 10.24 107.62 117.86 NOTE
r-release-macos-arm64 1.4.3 47.00 NOTE
r-release-macos-x86_64 1.4.3 83.00 NOTE
r-release-windows-x86_64 1.4.3 17.00 111.00 128.00 NOTE
r-oldrel-macos-arm64 1.4.3 44.00 NOTE
r-oldrel-windows-x86_64 1.4.3 19.00 113.00 132.00 NOTE

Check Details

Version: 1.4.3
Check: package dependencies
Result: NOTE Packages suggested but not available for checking: 'cec2005benchmark', 'cec2013' Flavors: r-devel-linux-x86_64-debian-clang, r-devel-linux-x86_64-debian-gcc, r-devel-linux-x86_64-fedora-clang, r-devel-linux-x86_64-fedora-gcc, r-devel-windows-x86_64, r-patched-linux-x86_64, r-release-linux-x86_64, r-release-macos-arm64, r-release-macos-x86_64, r-release-windows-x86_64, r-oldrel-windows-x86_64

Version: 1.4.3
Check: package dependencies
Result: NOTE Package suggested but not available for checking: ‘cec2005benchmark’ Flavor: r-oldrel-macos-arm64