Last updated on 2023-09-28 23:08:42 CEST.
Flavor | Version | Tinstall | Tcheck | Ttotal | Status | Flags |
---|---|---|---|---|---|---|
r-devel-linux-x86_64-debian-clang | 0.4.1 | 15.94 | 55.44 | 71.38 | OK | |
r-devel-linux-x86_64-debian-gcc | 0.4.1 | 13.39 | 41.86 | 55.25 | OK | |
r-devel-linux-x86_64-fedora-clang | 0.4.1 | 89.09 | NOTE | |||
r-devel-linux-x86_64-fedora-gcc | 0.4.1 | 103.16 | NOTE | |||
r-devel-windows-x86_64 | 0.4.1 | 17.00 | 65.00 | 82.00 | OK | |
r-patched-linux-x86_64 | 0.4.1 | 10.62 | 51.41 | 62.03 | OK | |
r-release-linux-x86_64 | 0.4.1 | 10.92 | 50.91 | 61.83 | OK | |
r-release-macos-arm64 | 0.4.1 | 44.00 | OK | |||
r-release-macos-x86_64 | 0.4.1 | 66.00 | OK | |||
r-release-windows-x86_64 | 0.4.1 | 20.00 | 70.00 | 90.00 | OK | |
r-oldrel-macos-arm64 | 0.4.1 | 32.00 | OK | |||
r-oldrel-macos-x86_64 | 0.4.1 | 50.00 | OK | |||
r-oldrel-windows-x86_64 | 0.4.1 | 20.00 | 72.00 | 92.00 | OK |
Version: 0.4.1
Check: dependencies in R code
Result: NOTE
Namespace in Imports field not imported from: ‘devtools’
All declared Imports should be used.
Flavors: r-devel-linux-x86_64-fedora-clang, r-devel-linux-x86_64-fedora-gcc