Last updated on 2024-04-18 22:52:35 CEST.
Flavor | Version | Tinstall | Tcheck | Ttotal | Status | Flags |
---|---|---|---|---|---|---|
r-devel-linux-x86_64-debian-clang | 0.4.1 | 17.67 | 52.91 | 70.58 | OK | |
r-devel-linux-x86_64-debian-gcc | 0.4.1 | 13.69 | 42.42 | 56.11 | OK | |
r-devel-linux-x86_64-fedora-clang | 0.4.1 | 92.77 | NOTE | |||
r-devel-linux-x86_64-fedora-gcc | 0.4.1 | 101.21 | NOTE | |||
r-prerel-macos-arm64 | 0.4.1 | 38.00 | OK | |||
r-prerel-windows-x86_64 | 0.4.1 | 14.00 | 63.00 | 77.00 | OK | |
r-patched-linux-x86_64 | 0.4.1 | 10.03 | 52.80 | 62.83 | OK | |
r-release-linux-x86_64 | 0.4.1 | 10.77 | 51.60 | 62.37 | OK | |
r-release-macos-arm64 | 0.4.1 | 44.00 | OK | |||
r-release-macos-x86_64 | 0.4.1 | 66.00 | OK | |||
r-release-windows-x86_64 | 0.4.1 | 19.00 | 68.00 | 87.00 | OK | |
r-oldrel-macos-arm64 | 0.4.1 | 32.00 | OK | |||
r-oldrel-windows-x86_64 | 0.4.1 | 21.00 | 73.00 | 94.00 | OK |
Version: 0.4.1
Check: dependencies in R code
Result: NOTE
Namespace in Imports field not imported from: ‘devtools’
All declared Imports should be used.
Flavors: r-devel-linux-x86_64-fedora-clang, r-devel-linux-x86_64-fedora-gcc