Last updated on 2023-09-26 23:04:09 CEST.
Flavor | Version | Tinstall | Tcheck | Ttotal | Status | Flags |
---|---|---|---|---|---|---|
r-devel-linux-x86_64-debian-clang | 0.5.1 | 115.24 | 183.02 | 298.26 | OK | |
r-devel-linux-x86_64-debian-gcc | 0.5.1 | 73.78 | 130.56 | 204.34 | OK | |
r-devel-linux-x86_64-fedora-clang | 0.5.1 | 386.27 | NOTE | |||
r-devel-linux-x86_64-fedora-gcc | 0.5.1 | 386.47 | NOTE | |||
r-devel-windows-x86_64 | 0.5.1 | 86.00 | 182.00 | 268.00 | OK | |
r-patched-linux-x86_64 | 0.5.1 | 128.89 | 168.38 | 297.27 | OK | |
r-release-linux-x86_64 | 0.5.1 | 112.08 | 169.92 | 282.00 | OK | |
r-release-macos-arm64 | 0.5.1 | 83.00 | OK | |||
r-release-macos-x86_64 | 0.5.1 | 211.00 | OK | |||
r-release-windows-x86_64 | 0.5.1 | 107.00 | 223.00 | 330.00 | OK | |
r-oldrel-macos-arm64 | 0.5.1 | 81.00 | OK | |||
r-oldrel-macos-x86_64 | 0.5.1 | 121.00 | OK | |||
r-oldrel-windows-x86_64 | 0.5.1 | 99.00 | 199.00 | 298.00 | OK |
Version: 0.5.1
Check: data for non-ASCII characters
Result: NOTE
Note: found 438 marked UTF-8 strings
Flavors: r-devel-linux-x86_64-fedora-clang, r-devel-linux-x86_64-fedora-gcc