CRAN Package Check Results for Package corpustools

Last updated on 2019-11-18 22:47:08 CET.

Flavor Version Tinstall Tcheck Ttotal Status Flags
r-devel-linux-x86_64-debian-clang 0.3.3 80.18 105.46 185.64 OK
r-devel-linux-x86_64-debian-gcc 0.3.3 53.87 91.98 145.85 OK
r-devel-linux-x86_64-fedora-clang 0.3.3 226.19 NOTE
r-devel-linux-x86_64-fedora-gcc 0.3.3 209.42 NOTE
r-devel-windows-ix86+x86_64 0.3.3 186.00 187.00 373.00 OK
r-patched-linux-x86_64 0.3.3 59.61 95.46 155.07 OK
r-patched-solaris-x86 0.3.3 239.50 NOTE
r-release-linux-x86_64 0.3.3 57.24 96.26 153.50 OK
r-release-windows-ix86+x86_64 0.3.3 159.00 210.00 369.00 OK
r-release-osx-x86_64 0.3.3 NOTE
r-oldrel-windows-ix86+x86_64 0.3.3 162.00 129.00 291.00 OK
r-oldrel-osx-x86_64 0.3.3 NOTE

Additional issues

valgrind

Check Details

Version: 0.3.3
Check: data for non-ASCII characters
Result: NOTE
     Note: found 438 marked UTF-8 strings
Flavors: r-devel-linux-x86_64-fedora-clang, r-devel-linux-x86_64-fedora-gcc, r-patched-solaris-x86, r-release-osx-x86_64, r-oldrel-osx-x86_64