CRAN Package Check Results for Package corrcoverage

Last updated on 2023-10-01 23:03:42 CEST.

Flavor Version Tinstall Tcheck Ttotal Status Flags
r-devel-linux-x86_64-debian-clang 1.2.1 26.96 80.54 107.50 NOTE
r-devel-linux-x86_64-debian-gcc 1.2.1 19.42 64.93 84.35 NOTE
r-devel-linux-x86_64-fedora-clang 1.2.1 142.30 NOTE
r-devel-linux-x86_64-fedora-gcc 1.2.1 155.10 NOTE
r-patched-linux-x86_64 1.2.1 25.51 80.02 105.53 NOTE
r-release-linux-x86_64 1.2.1 22.50 81.22 103.72 NOTE
r-release-macos-arm64 1.2.1 58.00 NOTE
r-release-macos-x86_64 1.2.1 98.00 NOTE
r-oldrel-macos-arm64 1.2.1 49.00 NOTE
r-oldrel-macos-x86_64 1.2.1 64.00 NOTE

Additional issues

donttest

Check Details

Version: 1.2.1
Check: C++ specification
Result: NOTE
     Specified C++11: please drop specification unless essential
Flavors: r-devel-linux-x86_64-debian-clang, r-devel-linux-x86_64-debian-gcc, r-devel-linux-x86_64-fedora-clang, r-devel-linux-x86_64-fedora-gcc, r-patched-linux-x86_64, r-release-linux-x86_64, r-release-macos-arm64, r-release-macos-x86_64

Version: 1.2.1
Check: LazyData
Result: NOTE
     'LazyData' is specified without a 'data' directory
Flavors: r-devel-linux-x86_64-debian-clang, r-devel-linux-x86_64-debian-gcc, r-devel-linux-x86_64-fedora-clang, r-devel-linux-x86_64-fedora-gcc, r-patched-linux-x86_64, r-release-linux-x86_64, r-release-macos-arm64, r-release-macos-x86_64, r-oldrel-macos-arm64, r-oldrel-macos-x86_64

Version: 1.2.1
Check: dependencies in R code
Result: NOTE
    Namespace in Imports field not imported from: ‘data.table’
     All declared Imports should be used.
Flavors: r-devel-linux-x86_64-fedora-clang, r-devel-linux-x86_64-fedora-gcc, r-oldrel-macos-x86_64

Version: 1.2.1
Check: installed package size
Result: NOTE
     installed size is 5.1Mb
     sub-directories of 1Mb or more:
     extdata 3.8Mb
Flavors: r-release-macos-arm64, r-release-macos-x86_64, r-oldrel-macos-arm64, r-oldrel-macos-x86_64