CRAN Package Check Results for Package corrplot

Last updated on 2021-05-16 22:49:46 CEST.

Flavor Version Tinstall Tcheck Ttotal Status Flags
r-devel-linux-x86_64-debian-clang 0.88 3.75 43.74 47.49 OK
r-devel-linux-x86_64-debian-gcc 0.88 2.26 34.12 36.38 OK
r-devel-linux-x86_64-fedora-clang 0.88 67.18 NOTE
r-devel-linux-x86_64-fedora-gcc 0.88 58.17 OK
r-devel-windows-ix86+x86_64 0.88 7.00 66.00 73.00 OK
r-devel-windows-x86_64-gcc10-UCRT 0.88 OK
r-patched-linux-x86_64 0.88 3.75 42.72 46.47 OK
r-patched-solaris-x86 0.88 76.50 NOTE
r-release-linux-x86_64 0.88 3.31 41.73 45.04 OK
r-release-macos-x86_64 0.88 NOTE
r-release-windows-ix86+x86_64 0.88 6.00 51.00 57.00 OK
r-oldrel-macos-x86_64 0.88 NOTE
r-oldrel-windows-ix86+x86_64 0.88 5.00 50.00 55.00 OK

Check Details

Version: 0.88
Check: installed package size
Result: NOTE
     installed size is 5.0Mb
     sub-directories of 1Mb or more:
     doc 4.8Mb
Flavors: r-devel-linux-x86_64-fedora-clang, r-patched-solaris-x86, r-release-macos-x86_64, r-oldrel-macos-x86_64