CRAN Package Check Results for Package corrplot

Last updated on 2020-01-18 22:48:29 CET.

Flavor Version Tinstall Tcheck Ttotal Status Flags
r-devel-linux-x86_64-debian-clang 0.84 3.41 39.02 42.43 OK
r-devel-linux-x86_64-debian-gcc 0.84 2.72 30.21 32.93 OK
r-devel-linux-x86_64-fedora-clang 0.84 51.99 NOTE
r-devel-linux-x86_64-fedora-gcc 0.84 51.00 OK
r-devel-windows-ix86+x86_64 0.84 15.00 135.00 150.00 NOTE
r-devel-windows-ix86+x86_64-gcc8 0.84 7.00 86.00 93.00 NOTE
r-patched-linux-x86_64 0.84 2.77 36.58 39.35 OK
r-patched-solaris-x86 0.84 70.80 NOTE
r-release-linux-x86_64 0.84 2.42 36.12 38.54 OK
r-release-windows-ix86+x86_64 0.84 15.00 145.00 160.00 NOTE
r-release-osx-x86_64 0.84 NOTE
r-oldrel-windows-ix86+x86_64 0.84 7.00 138.00 145.00 NOTE
r-oldrel-osx-x86_64 0.84 NOTE

Check Details

Version: 0.84
Check: installed package size
Result: NOTE
     installed size is 7.0Mb
     sub-directories of 1Mb or more:
     doc 6.9Mb
Flavors: r-devel-linux-x86_64-fedora-clang, r-devel-windows-ix86+x86_64, r-devel-windows-ix86+x86_64-gcc8, r-patched-solaris-x86, r-release-windows-ix86+x86_64, r-release-osx-x86_64, r-oldrel-windows-ix86+x86_64, r-oldrel-osx-x86_64