CRAN Package Check Results for Package countcolors

Last updated on 2020-02-24 22:50:20 CET.

Flavor Version Tinstall Tcheck Ttotal Status Flags
r-devel-linux-x86_64-debian-clang 0.9.1 2.46 100.71 103.17 OK
r-devel-linux-x86_64-debian-gcc 0.9.1 2.20 73.30 75.50 OK
r-devel-linux-x86_64-fedora-clang 0.9.1 123.15 NOTE
r-devel-linux-x86_64-fedora-gcc 0.9.1 120.50 NOTE
r-devel-windows-ix86+x86_64 0.9.1 11.00 97.00 108.00 OK
r-devel-windows-ix86+x86_64-gcc8 0.9.1 17.00 137.00 154.00 OK
r-patched-linux-x86_64 0.9.1 1.70 91.86 93.56 OK
r-patched-solaris-x86 0.9.1 163.40 NOTE
r-release-linux-x86_64 0.9.1 2.28 89.88 92.16 OK
r-release-windows-ix86+x86_64 0.9.1 6.00 135.00 141.00 OK
r-release-osx-x86_64 0.9.1 NOTE
r-oldrel-windows-ix86+x86_64 0.9.1 4.00 87.00 91.00 OK
r-oldrel-osx-x86_64 0.9.1 NOTE

Check Details

Version: 0.9.1
Check: dependencies in R code
Result: NOTE
    Namespace in Imports field not imported from: ‘jpeg’
     All declared Imports should be used.
Flavors: r-devel-linux-x86_64-fedora-clang, r-devel-linux-x86_64-fedora-gcc, r-patched-solaris-x86, r-release-osx-x86_64, r-oldrel-osx-x86_64