CRAN Package Check Results for Package countcolors

Last updated on 2019-09-18 22:52:34 CEST.

Flavor Version Tinstall Tcheck Ttotal Status Flags
r-devel-linux-x86_64-debian-clang 0.9.1 2.44 93.94 96.38 OK
r-devel-linux-x86_64-debian-gcc 0.9.1 2.15 67.60 69.75 OK
r-devel-linux-x86_64-fedora-clang 0.9.1 112.94 NOTE
r-devel-linux-x86_64-fedora-gcc 0.9.1 107.84 NOTE
r-devel-windows-ix86+x86_64 0.9.1 15.00 88.00 103.00 OK
r-patched-linux-x86_64 0.9.1 2.09 89.36 91.45 OK
r-patched-solaris-x86 0.9.1 159.10 NOTE
r-release-linux-x86_64 0.9.1 2.24 87.31 89.55 OK
r-release-windows-ix86+x86_64 0.9.1 6.00 88.00 94.00 OK
r-release-osx-x86_64 0.9.1 NOTE
r-oldrel-windows-ix86+x86_64 0.9.1 4.00 92.00 96.00 OK
r-oldrel-osx-x86_64 0.9.1 NOTE

Check Details

Version: 0.9.1
Check: dependencies in R code
Result: NOTE
    Namespace in Imports field not imported from: ‘jpeg’
     All declared Imports should be used.
Flavors: r-devel-linux-x86_64-fedora-clang, r-devel-linux-x86_64-fedora-gcc, r-patched-solaris-x86, r-release-osx-x86_64, r-oldrel-osx-x86_64