Last updated on 2024-04-17 22:59:48 CEST.
Flavor | Version | Tinstall | Tcheck | Ttotal | Status | Flags |
---|---|---|---|---|---|---|
r-devel-linux-x86_64-debian-clang | 0.1.2 | 21.92 | 102.88 | 124.80 | OK | |
r-devel-linux-x86_64-debian-gcc | 0.1.2 | 16.93 | 76.18 | 93.11 | OK | |
r-devel-linux-x86_64-fedora-clang | 0.1.2 | 169.54 | OK | |||
r-devel-linux-x86_64-fedora-gcc | 0.1.2 | 173.09 | OK | |||
r-prerel-macos-arm64 | 0.1.2 | 52.00 | OK | |||
r-prerel-windows-x86_64 | 0.1.2 | 20.00 | 91.00 | 111.00 | OK | |
r-patched-linux-x86_64 | 0.1.2 | 22.55 | 95.70 | 118.25 | OK | |
r-release-linux-x86_64 | 0.1.2 | 23.65 | 98.64 | 122.29 | OK | |
r-release-macos-arm64 | 0.1.2 | 51.00 | OK | |||
r-release-macos-x86_64 | 0.1.2 | 83.00 | NOTE | |||
r-release-windows-x86_64 | 0.1.2 | 24.00 | 109.00 | 133.00 | OK | |
r-oldrel-macos-arm64 | 0.1.2 | 36.00 | OK | |||
r-oldrel-windows-x86_64 | 0.1.2 | 29.00 | 108.00 | 137.00 | OK |
Version: 0.1.2
Check: package dependencies
Result: NOTE
Package suggested but not available for checking: ‘tidymodels’
Flavor: r-release-macos-x86_64